D/dalvikvm( 2596): GC_CONCURRENT freed 890K, 29% free 9427K/13127K, paused 5ms+10ms
W/InputManagerService(  301): Starting input on non-focused client com.android.internal.view.IInputMethodClient$Stub$Proxy@2c159e80 (uid=10015 pid=3239)
I/ActivityManager(  301): Displayed com.anttek.explorerex/com.anttek.explorer.ui.activity.ExplorerMainActivity: +532ms
D/SurfaceFlinger(  132): Release buffer at 0x92f20
D/OpenGLRenderer( 3239): Flushing caches (mode 1)
D/SurfaceFlinger(  132): Release buffer at 0x89608
W/GA-SERVICE(  698): Thread[Thread-112,5,main]:  Using destination https://ssl.google-analytics.com
D/SurfaceFlinger(  132): Release buffer at 0x70538
D/dalvikvm(  470): GC_CONCURRENT freed 472K, 15% free 7798K/9095K, paused 2ms+3ms
D/dalvikvm(  378): GC_CONCURRENT freed 542K, 29% free 7212K/10055K, paused 2ms+8ms
D/dalvikvm(  378): GC_CONCURRENT freed 475K, 29% free 7181K/10055K, paused 8ms+3ms
D/elvison.battwidgetplus( 1259): battery info changed
D/SurfaceFlinger(  132): Release buffer at 0x70538
D/dalvikvm(  470): GC_CONCURRENT freed 433K, 14% free 7824K/9095K, paused 3ms+2ms
D/dalvikvm(  301): GC_EXPLICIT freed 632K, 13% free 12180K/13959K, paused 3ms+8ms
D/SurfaceFlinger(  132): Release buffer at 0x8ff48
D/SurfaceFlinger(  132): Release buffer at 0x70538
I/ActivityManager(  301): Start proc android.process.media for service com.android.providers.media/.MediaScannerService: pid=3307 uid=10010 gids={1015, 1023, 1024, 2001, 3003, 3007}
D/SurfaceFlinger(  132): Release buffer at 0x89608
I/ActivityThread( 3307): Pub media: com.android.providers.media.MediaProvider
D/SurfaceFlinger(  132): Release buffer at 0xa8590
D/SurfaceFlinger(  132): Release buffer at 0x92f20
D/dalvikvm( 1259): GC_CONCURRENT freed 361K, 27% free 7765K/10503K, paused 1ms+15ms
I/ActivityThread( 3307): Pub downloads: com.android.providers.downloads.DownloadProvider
I/ActivityThread( 3307): Pub drm: com.android.providers.drm.DrmProvider
I/DownloadManager( 3307): in removeSpuriousFiles
E/CMarlinMediator(  134): Error : MarlinMediator Failed to get TrustedTime
I/ActivityManager(  301): START {act=android.intent.action.MAIN cat=[android.intent.category.HOME] flg=0x10200000 cmp=com.sonyericsson.home/.HomeActivity} from pid 301
D/OpenGLRenderer( 2596): Flushing caches (mode 0)
W/IInputConnectionWrapper(  512): showStatusIcon on inactive InputConnection
D/SurfaceFlinger(  132): Release buffer at 0x8eec8
D/OpenGLRenderer( 2596): Flushing caches (mode 1)
D/OpenGLRenderer( 3239): Flushing caches (mode 2)
D/OpenGLRenderer( 3239): Flushing caches (mode 0)
W/ManagedEGLContext( 3239): doTerminate failed: EGL count is 3 but managed count is 1
D/OpenGLRenderer( 2596): Flushing caches (mode 2)
D/OpenGLRenderer( 2596): Flushing caches (mode 0)
W/ManagedEGLContext( 2596): doTerminate failed: EGL count is 2 but managed count is 1
D/dalvikvm( 2596): GC_CONCURRENT freed 699K, 27% free 9612K/13127K, paused 4ms+11ms
D/SurfaceFlinger(  132): Release buffer at 0x70538
D/OpenGLRenderer( 3239): Flushing caches (mode 2)
D/OpenGLRenderer( 3239): Flushing caches (mode 0)
W/ManagedEGLContext( 3239): doTerminate failed: EGL count is 3 but managed count is 1
I/ActivityManager(  301): START {act=android.intent.action.MAIN cat=[android.intent.category.LAUNCHER] flg=0x10200000 cmp=com.opera.browser.classic/com.opera.Opera bnds=[3,3][51,51]} from pid 512
I/AudioService(  301):   Remote Control   registerMediaButtonIntent() for PendingIntent{2c1f3d90: PendingIntentRecord{2bf7b8a0 com.opera.browser.classic broadcastIntent}}
D/OpenGLRenderer( 2596): Flushing caches (mode 2)
D/OpenGLRenderer( 2596): Flushing caches (mode 0)
W/ManagedEGLContext( 2596): doTerminate failed: EGL count is 2 but managed count is 1
W/ResourceType(  301): Skipping entry 0x7f04000c in package table 0 because it is not complex!
W/ResourceType(  301): Skipping entry 0x7f04003d in package table 0 because it is not complex!
V/PhoneStatusBar(  378): setLightsOn(true)
W/InputManagerService(  301): Starting input on non-focused client com.android.internal.view.IInputMethodClient$Stub$Proxy@2bee1f50 (uid=10002 pid=2596)
D/OpenGLRenderer(  512): Flushing caches (mode 1)
D/OpenGLRenderer(  512): Flushing caches (mode 0)
D/SurfaceFlinger(  132): Release buffer at 0x89608
D/OpenGLRenderer(  512): Flushing caches (mode 1)
D/elvison.battwidgetplus( 1259): battery info changed
D/dalvikvm(  378): GC_CONCURRENT freed 486K, 30% free 7085K/10055K, paused 1ms+15ms
D/elvison.battwidgetplus( 1259): battery info changed
D/lights  (  301): set_light_buttons: brightness=0
D/dalvikvm( 1259): GC_CONCURRENT freed 408K, 27% free 7758K/10503K, paused 5ms+3ms
D/elvison.battwidgetplus( 1259): battery info changed
D/dalvikvm( 1259): GC_CONCURRENT freed 380K, 26% free 7778K/10503K, paused 2ms+2ms
D/elvison.battwidgetplus( 1259): battery info changed
D/elvison.battwidgetplus( 1259): battery info changed
D/elvison.battwidgetplus( 1259): battery info changed
D/dalvikvm( 1259): GC_CONCURRENT freed 405K, 27% free 7759K/10503K, paused 5ms+3ms
D/dalvikvm( 1259): GC_EXPLICIT freed 139K, 27% free 7750K/10503K, paused 2ms+3ms
D/elvison.battwidgetplus( 1259): battery info changed
D/dalvikvm(  301): GC_CONCURRENT freed 1237K, 13% free 12261K/13959K, paused 3ms+8ms
D/elvison.battwidgetplus( 1259): battery info changed
D/kernel  (  143): [ 1499.158386] bq27520 0-0055: bq27520_handle_soc_worker() capacity=15 (15) flags=0x12d ctrl_status=0x428b soh_state=0x3, valid=1
D/elvison.battwidgetplus( 1259): battery info changed
I/PowerUI (  378): showing low battery warning: level=15 [-1]
D/CallNotifier(  487): onBatteryLow()...
I/AwesomePlayer(  151): setDataSource_l('/system/media/audio/ui/LowBattery.ogg')
E/CMarlinMediator(  134): Error : MarlinMediator Failed to get TrustedTime
I/AwesomePlayer(  151): setDataSource_l('/system/media/audio/ui/LowBattery.ogg')
E/CMarlinMediator(  134): Error : MarlinMediator Failed to get TrustedTime
I/AudioHardwareMSM7X30(  151): Routing audio to Speakerphone
I/AudioHardwareMSM7X30(  151): Change routing audio to speaker for xLOUD
D/AudioHardwareMSM7X30(  151): value of device and enable is 32 1
D/kernel  (  143): [ 1499.429473] [msm7x30.c:msm_device_put] device xloud_speaker_mono_rx set 1
D/kernel  (  143): [ 1499.429473] [msm7x30.c:msm_device_put] device freq =48000
D/kernel  (  143): [ 1499.433074] [adsp.c:msm_adsp_get] module AFETASK has been registered
D/kernel  (  143): [ 1499.433105] [adsp.c:msm_adsp_enable] enable 'AFETASK'state[0] id[17227119]
D/kernel  (  143): [ 1499.438598] [adsp.c:adsp_rtos_mtoa_cb] rpc event=0, proc_id=2, module=17227119, image=0
D/kernel  (  143): [ 1499.438598] [adsp.c:adsp_rtos_mtoa_cb] module AFETASK: READY
W/MediaPlayer(  378): mediaplayer went away with unhandled events
W/MediaPlayer(  378): mediaplayer went away with unhandled events
D/kernel  (  143): [ 1499.493865] msm_snddev_poweramp_on: power on amplifier
D/kernel  (  143): [ 1499.494384] [adsp.c:msm_adsp_get] module AUDPPTASK has been registered
D/kernel  (  143): [ 1499.494415] [adsp.c:msm_adsp_enable] enable 'AUDPPTASK'state[0] id[17227122]
D/kernel  (  143): [ 1499.497955] [adsp.c:adsp_rtos_mtoa_cb] rpc event=0, proc_id=2, module=17227122, image=0
D/kernel  (  143): [ 1499.497985] [adsp.c:adsp_rtos_mtoa_cb] module AUDPPTASK: READY
D/kernel  (  143): [ 1499.502136] [audpp.c:audpp_dsp_event] ENABLE
D/kernel  (  143): [ 1499.506469] [adsp.c:msm_adsp_write] AUDPPTASK command took 70 attempts: rc 0
V/PhoneStatusBar(  378): setLightsOn(true)
W/InputManagerService(  301): Window already focused, ignoring focus gain of: com.android.internal.view.IInputMethodClient$Stub$Proxy@2bfac3c8
D/SurfaceFlinger(  132): Release buffer at 0x89608
D/AudioHardwareMSM7X30(  151): AudioStreamOutMSM72xx::standby()
D/AudioHardwareMSM7X30(  151): updateDeviceInfo: E rx_device 32 and tx_device 13
D/AudioHardwareMSM7X30(  151): No active voicecall/playback, disabling cur_rx 32
D/AudioHardwareMSM7X30(  151): value of device and enable is 32 0
D/AudioHardwareMSM7X30(  151): No active voicecall/recording, disabling cur_tx 13
D/AudioHardwareMSM7X30(  151): value of device and enable is 13 0
D/AudioHardwareMSM7X30(  151): updateDeviceInfo: X cur_rx 32 cur_tx 13
D/kernel  (  143): [ 1503.186920] [msm7x30.c:msm_device_put] device xloud_speaker_mono_rx set 0
D/kernel  (  143): [ 1503.187866] msm_snddev_poweramp_off: power off amplifier
D/kernel  (  143): [ 1503.190856] [adsp.c:msm_adsp_put] closing module AFETASK
D/kernel  (  143): [ 1503.191284] [msm7x30.c:msm_device_put] device speaker_mono_tx set 0
D/kernel  (  143): [ 1503.191436] [audpp.c:audpp_dsp_event] DISABLE
D/kernel  (  143): [ 1503.191497] [audpp.c:audpp_disable] Received CFG_MSG_DISABLE from ADSP
D/kernel  (  143): [ 1503.191558] [adsp.c:msm_adsp_disable] disable interrupt
D/kernel  (  143): [ 1503.191589] [adsp.c:msm_adsp_put] closing module AUDPPTASK
D/elvison.battwidgetplus( 1259): battery info changed
D/dalvikvm( 1259): GC_CONCURRENT freed 381K, 27% free 7767K/10503K, paused 2ms+2ms
D/dalvikvm(  698): GC_CONCURRENT freed 517K, 8% free 8203K/8903K, paused 273ms+4ms
D/webviewglue(  698): nativeDestroy view: 0x478ac8
D/elvison.battwidgetplus( 1259): battery info changed
D/kernel  (  143): [ 1525.615875] msm_otg_resume: usb exited from low power mode
D/kernel  (  143): [ 1525.643676] msm_hsusb msm_hsusb: msm72k_udc: OFFLINE -> ONLINE
D/lights  (  301): set_light_battery: color=0xffff3000, mode=0
D/elvison.battwidgetplus( 1259): battery info changed
I/touchd  (  152): handling_uevent: event is 1
D/kernel  (  143): [ 1526.872924] 
D/kernel  (  143): [ 1526.872955] Charger Type: DEDICATED CHARGER
D/kernel  (  143): [ 1526.880523] bq24185 0-006b: Turning on charger. USB-Dedicated mode
D/kernel  (  143): [ 1526.880584] bq24185 0-006b: Set init values
D/kernel  (  143): [ 1526.881469] bq24185 0-006b: Disabling charger
D/kernel  (  143): [ 1526.894439] bq24185 0-006b: Set safety timer to disable
D/kernel  (  143): [ 1526.896423] bq24185 0-006b: Setting input charger current to no limit
D/kernel  (  143): [ 1526.897308] bq24185 0-006b: Setting charger voltage to 4200 mV
D/kernel  (  143): [ 1526.898620] bq24185 0-006b: Setting charger current to 850 mA
D/kernel  (  143): [ 1526.899475] bq24185 0-006b: Enabling charger
D/kernel  (  143): [ 1526.907440] cyttsp-spi spi0.0: chg_status_work: Set charger mode to reg: 0x1
D/elvison.battwidgetplus( 1259): updating plugged time info
D/elvison.battwidgetplus( 1259): battery info changed
W/PowerUI (  378): unknown intent: Intent { act=android.intent.action.ACTION_POWER_CONNECTED flg=0x10000010 }
D/elvison.battwidgetplus( 1259): power connected
I/GCoreUlr( 1229): Starting service, intent=Intent { act=com.google.android.location.reporting.ACTION_UPDATE_WORLD cmp=com.google.android.gms/com.google.android.location.reporting.service.DispatchingService (has extras) }, extras=Bundle[{receiverAction=android.intent.action.ACTION_POWER_CONNECTED}]
D/OpenGLRenderer( 2596): Flushing caches (mode 2)
D/OpenGLRenderer( 2596): Flushing caches (mode 0)
W/ManagedEGLContext( 2596): doTerminate failed: EGL count is 2 but managed count is 1
I/GCoreUlr( 1229): WorldUpdater received intent Intent { act=com.google.android.location.reporting.ACTION_UPDATE_WORLD cmp=com.google.android.gms/com.google.android.location.reporting.service.DispatchingService (has extras) } with receiverAction android.intent.action.ACTION_POWER_CONNECTED
I/GCoreUlr( 1229): No GCM registration ID
D/SyncManager(  301): setIsSyncable: Account {name=compolom@gmail.com, type=com.google}, provider com.google.android.location.reporting -> 1
D/SyncManager(  301): setIsSyncable: already set to 1, doing nothing
D/SyncManager(  301): setSyncAutomatically: , provider com.google.android.location.reporting -> true
D/SyncManager(  301): setSyncAutomatically: already set to true, doing nothing
I/GCoreUlr( 1229): Ensuring that reporting is stopped because of reasons: {account#19#=[InactiveReason{mVersionCode=0, mIdentifier=12, mName='LocationDisabled'}, InactiveReason{mVersionCode=0, mIdentifier=6, mName='ReportingNotSelected'}]}
D/GCoreFlp( 1229): Unknown pending intent to remove.
I/GCoreUlr( 1229): Unbound from all location providers
D/elvison.battwidgetplus( 1259): battery info changed
D/elvison.battwidgetplus( 1259): battery info changed
D/elvison.battwidgetplus( 1259): battery info changed
D/dalvikvm( 1259): GC_CONCURRENT freed 388K, 27% free 7770K/10503K, paused 3ms+3ms
D/dalvikvm( 3239): GC_CONCURRENT freed 383K, 9% free 6787K/7431K, paused 3ms+2ms
D/elvison.battwidgetplus( 1259): battery info changed
I/ActivityManager(  301): Start proc com.android.defcontainer for service com.android.defcontainer/.DefaultContainerService: pid=3350 uid=10118 gids={1015, 2001}
D/elvison.battwidgetplus( 1259): battery info changed
D/dalvikvm(  378): GC_CONCURRENT freed 372K, 30% free 7100K/10055K, paused 1ms+3ms
W/MediaPlayer-JNI(  378): MediaPlayer finalized without being released
D/elvison.battwidgetplus( 1259): battery info changed
D/dalvikvm( 1259): GC_CONCURRENT freed 336K, 26% free 7821K/10503K, paused 3ms+4ms
D/dalvikvm( 1259): GC_CONCURRENT freed 369K, 26% free 7854K/10503K, paused 2ms+3ms
D/elvison.battwidgetplus( 1259): battery info changed
D/dalvikvm( 1259): GC_CONCURRENT freed 398K, 26% free 7861K/10503K, paused 2ms+3ms
D/dalvikvm(  301): GC_CONCURRENT freed 1375K, 13% free 12226K/13959K, paused 5ms+7ms
W/System.err( 1259): android.content.pm.PackageManager$NameNotFoundException: 
W/System.err( 1259): 	at android.app.ApplicationPackageManager.getPackageInfo(ApplicationPackageManager.java:78)
W/System.err( 1259): 	at com.m2catalyst.m2appinsight.sdk.h.b.a(Unknown Source)
W/System.err( 1259): 	at com.m2catalyst.m2appinsight.sdk.h.b.a(Unknown Source)
W/System.err( 1259): 	at com.m2catalyst.m2appinsight.sdk.service.AppInsightService.n(Unknown Source)
W/System.err( 1259): 	at com.m2catalyst.m2appinsight.sdk.service.a.run(Unknown Source)
W/System.err( 1259): 	at android.os.Handler.handleCallback(Handler.java:605)
W/System.err( 1259): 	at android.os.Handler.dispatchMessage(Handler.java:92)
W/System.err( 1259): 	at android.os.Looper.loop(Looper.java:137)
W/System.err( 1259): 	at android.os.HandlerThread.run(HandlerThread.java:60)
D/elvison.battwidgetplus( 1259): battery info changed
D/kernel  (  143): [ 1558.166687] bq27520 0-0055: bq27520_handle_soc_worker() capacity=16 (16) flags=0x12c ctrl_status=0x428b soh_state=0x3, valid=1
D/elvison.battwidgetplus( 1259): battery info changed
D/dalvikvm( 1259): GC_CONCURRENT freed 392K, 26% free 7854K/10503K, paused 2ms+3ms
D/elvison.battwidgetplus( 1259): battery info changed
D/elvison.battwidgetplus( 1259): battery info changed
W/GA-SERVICE(  698): Thread[Thread-112,5,main]: Exception sending hit: SSLPeerUnverifiedException
W/GA-SERVICE(  698): Thread[Thread-112,5,main]: No peer certificate
W/GA-SERVICE(  698): Thread[Thread-112,5,main]: Empty hitIds passed to deleteHits.
D/elvison.battwidgetplus( 1259): battery info changed
D/elvison.battwidgetplus( 1259): battery info changed
D/dalvikvm( 1259): GC_CONCURRENT freed 449K, 26% free 7793K/10503K, paused 3ms+2ms
D/elvison.battwidgetplus( 1259): battery info changed
D/elvison.battwidgetplus( 1259): battery info changed
D/dalvikvm( 1259): GC_CONCURRENT freed 375K, 26% free 7810K/10503K, paused 2ms+3ms
D/elvison.battwidgetplus( 1259): battery info changed
D/dalvikvm(  470): GC_CONCURRENT freed 502K, 15% free 7807K/9095K, paused 5ms+3ms
D/dalvikvm(  378): GC_CONCURRENT freed 437K, 30% free 7122K/10055K, paused 2ms+7ms
D/dalvikvm(  470): GC_CONCURRENT freed 428K, 15% free 7820K/9095K, paused 1ms+8ms
D/elvison.battwidgetplus( 1259): battery info changed
D/dalvikvm(  378): GC_CONCURRENT freed 282K, 29% free 7238K/10055K, paused 10ms+5ms
D/SurfaceFlinger(  132): Release buffer at 0x92f20
D/elvison.battwidgetplus( 1259): battery info changed
D/dalvikvm(  698): GC_CONCURRENT freed 591K, 9% free 8161K/8903K, paused 3ms+5ms
D/elvison.battwidgetplus( 1259): battery info changed
D/dalvikvm( 3239): GC_CONCURRENT freed 381K, 9% free 6791K/7431K, paused 5ms+2ms
D/elvison.battwidgetplus( 1259): battery info changed
D/lights  (  301): set_light_buttons: brightness=255
D/dalvikvm(  378): GC_CONCURRENT freed 499K, 29% free 7210K/10055K, paused 2ms+3ms
D/SurfaceFlinger(  132): Release buffer at 0x89608
D/elvison.battwidgetplus( 1259): battery info changed
D/elvison.battwidgetplus( 1259): battery info changed
D/lights  (  301): set_light_buttons: brightness=0
D/dalvikvm( 1259): GC_CONCURRENT freed 422K, 26% free 7802K/10503K, paused 3ms+3ms
D/elvison.battwidgetplus( 1259): battery info changed
D/elvison.battwidgetplus( 1259): battery info changed
D/elvison.battwidgetplus( 1259): battery info changed
D/elvison.battwidgetplus( 1259): battery info changed
D/dalvikvm(  301): GC_CONCURRENT freed 1302K, 13% free 12259K/13959K, paused 10ms+7ms
D/elvison.battwidgetplus( 1259): battery info changed
D/elvison.battwidgetplus( 1259): battery info changed
D/elvison.battwidgetplus( 1259): battery info changed
D/kernel  (  143): [ 1662.191619] bq27520 0-0055: bq27520_handle_soc_worker() capacity=17 (17) flags=0x12c ctrl_status=0x428b soh_state=0x3, valid=1
D/elvison.battwidgetplus( 1259): battery info changed
D/elvison.battwidgetplus( 1259): battery info changed
D/dalvikvm( 1259): GC_CONCURRENT freed 430K, 26% free 7804K/10503K, paused 12ms+3ms
D/elvison.battwidgetplus( 1259): battery info changed
D/elvison.battwidgetplus( 1259): battery info changed
D/elvison.battwidgetplus( 1259): battery info changed
D/elvison.battwidgetplus( 1259): battery info changed
D/elvison.battwidgetplus( 1259): battery info changed
D/elvison.battwidgetplus( 1259): battery info changed
D/elvison.battwidgetplus( 1259): battery info changed
D/dalvikvm( 1259): GC_CONCURRENT freed 382K, 26% free 7810K/10503K, paused 2ms+3ms
D/elvison.battwidgetplus( 1259): battery info changed
D/elvison.battwidgetplus( 1259): battery info changed
D/elvison.battwidgetplus( 1259): battery info changed
D/dalvikvm( 1259): GC_CONCURRENT freed 403K, 26% free 7806K/10503K, paused 3ms+2ms
D/elvison.battwidgetplus( 1259): battery info changed
D/elvison.battwidgetplus( 1259): battery info changed
D/elvison.battwidgetplus( 1259): battery info changed
D/dalvikvm( 1259): GC_CONCURRENT freed 396K, 26% free 7795K/10503K, paused 2ms+2ms
D/elvison.battwidgetplus( 1259): battery info changed
D/elvison.battwidgetplus( 1259): battery info changed
D/dalvikvm(  301): GC_CONCURRENT freed 1347K, 13% free 12251K/13959K, paused 15ms+10ms
D/elvison.battwidgetplus( 1259): battery info changed
D/elvison.battwidgetplus( 1259): battery info changed
D/kernel  (  143): [ 1759.347167] bq27520 0-0055: bq27520_handle_soc_worker() capacity=18 (18) flags=0x12c ctrl_status=0x428b soh_state=0x3, valid=1
D/elvison.battwidgetplus( 1259): battery info changed
D/elvison.battwidgetplus( 1259): battery info changed
D/elvison.battwidgetplus( 1259): battery info changed
D/dalvikvm( 1259): GC_CONCURRENT freed 377K, 26% free 7806K/10503K, paused 2ms+2ms
D/elvison.battwidgetplus( 1259): battery info changed
W/kernel  (  143): [ 1774.191253] select 457 (e.process.gapps), adj 9, size 5826, to kill
W/kernel  (  143): [ 1774.191284] select 1021 (ufou.android.su), adj 11, size 4865, to kill
W/kernel  (  143): [ 1774.191284] select 3082 (s.scriptmanager), adj 11, size 7492, to kill
W/kernel  (  143): [ 1774.191314] send sigkill to 3082 (s.scriptmanager), adj 11, size 7492
I/ActivityManager(  301): Process os.tools.scriptmanager (pid 3082) has died.
E/os.devwom.misc( 1452): Unable read No child processes fd=7
D/dalvikvm( 3239): GC_CONCURRENT freed 387K, 9% free 6787K/7431K, paused 6ms+2ms
D/dalvikvm(  378): GC_CONCURRENT freed 505K, 30% free 7093K/10055K, paused 8ms+2ms
D/GCM     (  457): Ignoring attempt to send heartbeat on dead connection.
W/Smack/Packet(  457): notify conn break (IOEx), close connection
D/dalvikvm(  457): GC_CONCURRENT freed 362K, 6% free 7968K/8455K, paused 5ms+3ms
I/qtaguid (  457): Failed write_ctrl(u 103) res=-1 errno=22
I/qtaguid (  457): Untagging socket 103 failed errno=-22
W/NetworkManagementSocketTagger(  457): untagSocket(103) failed with errno -22
D/dalvikvm( 1259): GC_CONCURRENT freed 392K, 26% free 7802K/10503K, paused 2ms+3ms
D/ConnectivityService(  301): handleInetConditionHoldEnd: net=0, condition=0, published condition=100
D/elvison.battwidgetplus( 1259): battery info changed
D/elvison.battwidgetplus( 1259): battery info changed
I/GTalkService/c(  457): [AndroidEndpoint@733964616] connect: acct=1000000, state=CONNECTING
D/ConnectivityService(  301): handleInetConditionHoldEnd: net=0, condition=100, published condition=0
D/elvison.battwidgetplus( 1259): battery info changed
D/elvison.battwidgetplus( 1259): battery info changed
D/dalvikvm( 1229): GC_CONCURRENT freed 492K, 8% free 8157K/8775K, paused 14ms+13ms
D/dalvikvm( 1259): GC_CONCURRENT freed 382K, 26% free 7804K/10503K, paused 3ms+3ms
D/elvison.battwidgetplus( 1259): battery info changed
D/elvison.battwidgetplus( 1259): battery info changed
D/elvison.battwidgetplus( 1259): battery info changed
D/elvison.battwidgetplus( 1259): battery info changed
D/elvison.battwidgetplus( 1259): battery info changed
D/kernel  (  143): [ 1827.382049] bq27520 0-0055: bq27520_handle_soc_worker() capacity=19 (19) flags=0x12c ctrl_status=0x428b soh_state=0x3, valid=1
D/elvison.battwidgetplus( 1259): battery info changed
D/elvison.battwidgetplus( 1259): battery info changed
D/elvison.battwidgetplus( 1259): battery info changed
D/elvison.battwidgetplus( 1259): battery info changed
D/dalvikvm( 1259): GC_CONCURRENT freed 375K, 26% free 7814K/10503K, paused 4ms+2ms
D/dalvikvm(  301): GC_CONCURRENT freed 1353K, 13% free 12236K/13959K, paused 3ms+9ms
D/elvison.battwidgetplus( 1259): battery info changed
D/elvison.battwidgetplus( 1259): battery info changed
D/elvison.battwidgetplus( 1259): battery info changed
D/OpenGLRenderer( 2596): Flushing caches (mode 2)
I/EventLogService(  698): Aggregate from 1421859196003 (log), 1421859196003 (data)
D/OpenGLRenderer( 2596): Flushing caches (mode 0)
W/ManagedEGLContext( 2596): doTerminate failed: EGL count is 2 but managed count is 1
I/CrashMonitor( 1007): CrashMonitorService: invokeService: android.intent.action.DROPBOX_ENTRY_ADDED
D/dalvikvm(  457): GC_EXPLICIT freed 330K, 6% free 7989K/8455K, paused 2ms+3ms
D/elvison.battwidgetplus( 1259): battery info changed
D/dalvikvm( 1259): GC_CONCURRENT freed 372K, 26% free 7829K/10503K, paused 5ms+3ms
I/ActivityManager(  301): Start proc com.android.email for service com.android.email/.service.MailService: pid=3401 uid=10051 gids={3003, 1015}
I/ActivityThread( 3401): Pub com.android.email.provider;com.android.email.notifier: com.android.email.provider.EmailProvider
I/ActivityThread( 3401): Pub com.android.email.attachmentprovider: com.android.email.provider.AttachmentProvider
I/ActivityManager(  301): Start proc com.android.exchange for service com.android.exchange/.ExchangeService: pid=3417 uid=10004 gids={3003, 1015}
I/Email   ( 3401): ReconcilePopImapAccountsSync: start
I/ActivityThread( 3417): Pub com.android.exchange.directory.provider: com.android.exchange.provider.ExchangeDirectoryProvider
D/Eas Debug( 3417): Logging: 
D/ExchangeService( 3417): !!! EAS ExchangeService, onCreate
D/ExchangeService( 3417): !!! EAS ExchangeService, onStartCommand, startingUp = false, running = false
D/ExchangeService( 3417): Received deviceId from Email app: androidc549187968
D/ExchangeService( 3417): Reconciling accounts...
D/ExchangeService( 3417): !!! EAS ExchangeService, onStartCommand, startingUp = true, running = false
D/Eas Debug( 3417): Logging: 
D/dalvikvm( 3401): GC_CONCURRENT freed 225K, 5% free 6631K/6919K, paused 6ms+3ms
D/dalvikvm(  301): GC_EXPLICIT freed 456K, 13% free 12151K/13959K, paused 3ms+8ms
D/elvison.battwidgetplus( 1259): battery info changed
I/Email   ( 3401): ReconcilePopImapAccountsSync: already running
I/Email   ( 3401): ReconcilePopImapAccountsSync: done
D/AttachmentService( 3401): Count: 0
D/AttachmentService( 3401): *** All done; shutting down service
I/Email   ( 3401): ReconcilePopImapAccountsSync: start
I/Email   ( 3401): ReconcilePopImapAccountsSync: done
D/dalvikvm( 3401): GC_CONCURRENT freed 224K, 5% free 6826K/7175K, paused 3ms+3ms
D/elvison.battwidgetplus( 1259): battery info changed
D/dalvikvm( 3239): GC_CONCURRENT freed 381K, 9% free 6790K/7431K, paused 5ms+2ms
D/elvison.battwidgetplus( 1259): battery info changed
D/elvison.battwidgetplus( 1259): battery info changed
D/elvison.battwidgetplus( 1259): battery info changed
D/dalvikvm( 1259): GC_CONCURRENT freed 419K, 26% free 7818K/10503K, paused 2ms+2ms
D/elvison.battwidgetplus( 1259): battery info changed
D/elvison.battwidgetplus( 1259): battery info changed
D/elvison.battwidgetplus( 1259): battery info changed
D/elvison.battwidgetplus( 1259): battery info changed
D/dalvikvm( 1259): GC_CONCURRENT freed 381K, 26% free 7823K/10503K, paused 2ms+5ms
D/kernel  (  143): [ 1914.447540] bq27520 0-0055: bq27520_handle_soc_worker() capacity=20 (20) flags=0x12c ctrl_status=0x428b soh_state=0x3, valid=1
D/elvison.battwidgetplus( 1259): battery info changed
D/elvison.battwidgetplus( 1259): battery info changed
D/elvison.battwidgetplus( 1259): battery info changed
D/dalvikvm(  301): GC_CONCURRENT freed 1184K, 13% free 12279K/13959K, paused 9ms+8ms
D/dalvikvm( 1259): GC_CONCURRENT freed 453K, 26% free 7820K/10503K, paused 15ms+2ms
D/elvison.battwidgetplus( 1259): battery info changed
D/elvison.battwidgetplus( 1259): battery info changed
D/elvison.battwidgetplus( 1259): battery info changed
D/elvison.battwidgetplus( 1259): battery info changed
D/dalvikvm(  378): GC_CONCURRENT freed 389K, 30% free 7089K/10055K, paused 4ms+3ms
D/dalvikvm( 1259): GC_CONCURRENT freed 380K, 26% free 7827K/10503K, paused 2ms+3ms
D/elvison.battwidgetplus( 1259): battery info changed
D/elvison.battwidgetplus( 1259): battery info changed
D/elvison.battwidgetplus( 1259): battery info changed
D/elvison.battwidgetplus( 1259): battery info changed
D/elvison.battwidgetplus( 1259): battery info changed
D/dalvikvm( 1259): GC_CONCURRENT freed 364K, 26% free 7850K/10503K, paused 2ms+3ms
D/elvison.battwidgetplus( 1259): battery info changed
D/elvison.battwidgetplus( 1259): battery info changed
D/elvison.battwidgetplus( 1259): battery info changed
D/elvison.battwidgetplus( 1259): battery info changed
D/elvison.battwidgetplus( 1259): battery info changed
D/elvison.battwidgetplus( 1259): battery info changed
D/kernel  (  143): [ 2007.693115] bq27520 0-0055: bq27520_handle_soc_worker() capacity=21 (21) flags=0x12c ctrl_status=0x428b soh_state=0x3, valid=1
D/elvison.battwidgetplus( 1259): battery info changed
D/dalvikvm( 1259): GC_CONCURRENT freed 404K, 26% free 7830K/10503K, paused 3ms+2ms
D/elvison.battwidgetplus( 1259): battery info changed
D/elvison.battwidgetplus( 1259): battery info changed
D/elvison.battwidgetplus( 1259): battery info changed
D/dalvikvm(  301): GC_CONCURRENT freed 1354K, 13% free 12281K/13959K, paused 3ms+8ms
D/elvison.battwidgetplus( 1259): battery info changed
D/elvison.battwidgetplus( 1259): battery info changed
D/dalvikvm( 1259): GC_CONCURRENT freed 399K, 26% free 7831K/10503K, paused 2ms+2ms
D/elvison.battwidgetplus( 1259): battery info changed
D/elvison.battwidgetplus( 1259): battery info changed
D/elvison.battwidgetplus( 1259): battery info changed
D/elvison.battwidgetplus( 1259): battery info changed
D/dalvikvm( 1259): GC_CONCURRENT freed 388K, 26% free 7829K/10503K, paused 2ms+3ms
D/elvison.battwidgetplus( 1259): battery info changed
D/elvison.battwidgetplus( 1259): battery info changed
D/dalvikvm( 3239): GC_CONCURRENT freed 383K, 9% free 6790K/7431K, paused 6ms+2ms
D/elvison.battwidgetplus( 1259): battery info changed
D/elvison.battwidgetplus( 1259): battery info changed
D/elvison.battwidgetplus( 1259): battery info changed
D/elvison.battwidgetplus( 1259): battery info changed
D/elvison.battwidgetplus( 1259): battery info changed
D/dalvikvm( 1259): GC_CONCURRENT freed 375K, 26% free 7843K/10503K, paused 2ms+11ms
D/elvison.battwidgetplus( 1259): battery info changed
D/elvison.battwidgetplus( 1259): battery info changed
D/kernel  (  143): [ 2088.932769] bq27520 0-0055: bq27520_handle_soc_worker() capacity=22 (22) flags=0x12c ctrl_status=0x428b soh_state=0x3, valid=1
D/elvison.battwidgetplus( 1259): battery info changed
D/elvison.battwidgetplus( 1259): battery info changed
D/lights  (  301): set_light_buttons: brightness=255
I/ActivityManager(  301): START {act=android.intent.action.MAIN cat=[android.intent.category.HOME] flg=0x10200000 cmp=com.sonyericsson.home/.HomeActivity} from pid 301
I/AudioService(  301):   Remote Control   unregisterMediaButtonIntent() for PendingIntent{2bc6d188: PendingIntentRecord{2bf7b8a0 com.opera.browser.classic broadcastIntent}}
D/OpenGLRenderer( 3239): Flushing caches (mode 0)
D/OpenGLRenderer( 3239): Flushing caches (mode 1)
D/SurfaceFlinger(  132): Release buffer at 0x983f8
D/SurfaceFlinger(  132): Release buffer at 0x70538
D/elvison.battwidgetplus( 1259): battery info changed
D/dalvikvm( 1259): GC_CONCURRENT freed 393K, 26% free 7840K/10503K, paused 6ms+2ms
D/dalvikvm(  512): GC_CONCURRENT freed 719K, 10% free 8817K/9735K, paused 10ms+8ms
D/dalvikvm(  512): GC_FOR_ALLOC freed 52K, 10% free 8812K/9735K, paused 21ms
I/dalvikvm-heap(  512): Grow heap (frag case) to 9.101MB for 460816-byte allocation
D/dalvikvm(  512): GC_FOR_ALLOC freed <1K, 10% free 9261K/10247K, paused 20ms
D/dalvikvm(  512): GC_FOR_ALLOC freed 0K, 10% free 9262K/10247K, paused 22ms
I/dalvikvm-heap(  512): Grow heap (frag case) to 9.541MB for 460816-byte allocation
D/dalvikvm(  512): GC_FOR_ALLOC freed 0K, 10% free 9712K/10759K, paused 21ms
D/elvison.battwidgetplus( 1259): battery info changed
D/dalvikvm(  512): GC_FOR_ALLOC freed 116K, 8% free 10091K/10887K, paused 26ms
D/elvison.battwidgetplus( 1259): battery info changed
D/dalvikvm(  512): GC_FOR_ALLOC freed 605K, 12% free 10135K/11399K, paused 28ms
D/dalvikvm(  301): GC_CONCURRENT freed 1344K, 13% free 12282K/13959K, paused 20ms+18ms
I/ActivityManager(  301): START {act=android.intent.action.MAIN cat=[android.intent.category.LAUNCHER] flg=0x10200000 cmp=ru.zdevs.zarchiver/.ZArchiver bnds=[233,296][308,406]} from pid 512
I/ActivityManager(  301): Start proc ru.zdevs.zarchiver for activity ru.zdevs.zarchiver/.ZArchiver: pid=3495 uid=10009 gids={1015}
W/ResourceType(  301): Skipping entry 0x7f040034 in package table 0 because it is not complex!
D/OpenGLRenderer(  512): Flushing caches (mode 1)
D/OpenGLRenderer(  512): Flushing caches (mode 0)
I/dalvikvm( 3495): Could not find method android.content.ContentResolver.takePersistableUriPermission, referenced from method ru.zdevs.zarchiver.ZArchiver.onActivityResult
W/dalvikvm( 3495): VFY: unable to resolve virtual method 84: Landroid/content/ContentResolver;.takePersistableUriPermission (Landroid/net/Uri;I)V
D/dalvikvm( 3495): VFY: replacing opcode 0x6e at 0x0080
D/ZArchiver( 3495): onCreate
D/SurfaceFlinger(  132): Release buffer at 0x89608
D/dalvikvm( 3495): GC_CONCURRENT freed 234K, 5% free 6657K/6983K, paused 6ms+3ms
D/dalvikvm( 3495): GC_CONCURRENT freed 236K, 6% free 6815K/7239K, paused 2ms+2ms
D/dalvikvm( 3495): GC_FOR_ALLOC freed 360K, 8% free 6863K/7431K, paused 15ms
I/dalvikvm( 3495): Could not find method android.content.Context.getExternalFilesDirs, referenced from method ru.zdevs.zarchiver.service.a.b
W/dalvikvm( 3495): VFY: unable to resolve virtual method 92: Landroid/content/Context;.getExternalFilesDirs (Ljava/lang/String;)[Ljava/io/File;
D/dalvikvm( 3495): VFY: replacing opcode 0x6e at 0x0015
I/dalvikvm( 3495): Could not find method android.content.Context.getExternalFilesDirs, referenced from method ru.zdevs.zarchiver.service.a.c
W/dalvikvm( 3495): VFY: unable to resolve virtual method 92: Landroid/content/Context;.getExternalFilesDirs (Ljava/lang/String;)[Ljava/io/File;
D/dalvikvm( 3495): VFY: replacing opcode 0x6e at 0x0018
D/dalvikvm( 3495): Trying to load lib /data/data/ru.zdevs.zarchiver/lib/libhandler.so 0x2bb93cf0
D/dalvikvm( 3495): Added shared lib /data/data/ru.zdevs.zarchiver/lib/libhandler.so 0x2bb93cf0
D/dalvikvm( 3495): Trying to load lib /data/data/ru.zdevs.zarchiver/lib/libp7zip.so 0x2bb93cf0
D/dalvikvm( 3495): Added shared lib /data/data/ru.zdevs.zarchiver/lib/libp7zip.so 0x2bb93cf0
D/dalvikvm( 3495): No JNI_OnLoad found in /data/data/ru.zdevs.zarchiver/lib/libp7zip.so 0x2bb93cf0, skipping init
D/dalvikvm( 3495): Trying to load lib /data/data/ru.zdevs.zarchiver/lib/libunrar.so 0x2bb93cf0
D/dalvikvm( 3495): Added shared lib /data/data/ru.zdevs.zarchiver/lib/libunrar.so 0x2bb93cf0
D/dalvikvm( 3495): No JNI_OnLoad found in /data/data/ru.zdevs.zarchiver/lib/libunrar.so 0x2bb93cf0, skipping init
D/dalvikvm( 3495): Trying to load lib /data/data/ru.zdevs.zarchiver/lib/libunarc.so 0x2bb93cf0
D/dalvikvm( 3495): Added shared lib /data/data/ru.zdevs.zarchiver/lib/libunarc.so 0x2bb93cf0
D/dalvikvm( 3495): No JNI_OnLoad found in /data/data/ru.zdevs.zarchiver/lib/libunarc.so 0x2bb93cf0, skipping init
D/dalvikvm( 3495): Trying to load lib /data/data/ru.zdevs.zarchiver/lib/libcontrol.so 0x2bb93cf0
D/dalvikvm( 3495): Added shared lib /data/data/ru.zdevs.zarchiver/lib/libcontrol.so 0x2bb93cf0
I/ActivityManager(  301): Start proc ru.zdevs.zarchiver:Service for service ru.zdevs.zarchiver/.service.ZArchiverService: pid=3509 uid=10009 gids={1015}
I/dalvikvm( 3495): Could not find method android.content.Context.getExternalFilesDirs, referenced from method ru.zdevs.zarchiver.a.a.a
W/dalvikvm( 3495): VFY: unable to resolve virtual method 92: Landroid/content/Context;.getExternalFilesDirs (Ljava/lang/String;)[Ljava/io/File;
D/dalvikvm( 3495): VFY: replacing opcode 0x6e at 0x001d
I/dalvikvm( 3495): Could not find method android.os.Environment.isExternalStorageRemovable, referenced from method ru.zdevs.zarchiver.a.a.b
W/dalvikvm( 3495): VFY: unable to resolve static method 214: Landroid/os/Environment;.isExternalStorageRemovable (Ljava/io/File;)Z
D/dalvikvm( 3495): VFY: replacing opcode 0x71 at 0x0005
I/dalvikvm( 3509): Could not find method android.app.Notification$Builder.build, referenced from method ru.zdevs.zarchiver.service.ZArchiverService.a
W/dalvikvm( 3509): VFY: unable to resolve virtual method 49: Landroid/app/Notification$Builder;.build ()Landroid/app/Notification;
D/dalvikvm( 3509): VFY: replacing opcode 0x6e at 0x0006
I/dalvikvm( 3509): Could not find method android.os.PowerManager.isInteractive, referenced from method ru.zdevs.zarchiver.service.ZArchiverService.b
W/dalvikvm( 3509): VFY: unable to resolve virtual method 243: Landroid/os/PowerManager;.isInteractive ()Z
D/dalvikvm( 3509): VFY: replacing opcode 0x6e at 0x000e
D/dalvikvm( 3495): GC_CONCURRENT freed 298K, 6% free 7044K/7431K, paused 3ms+10ms
D/dalvikvm( 3509): Trying to load lib /data/data/ru.zdevs.zarchiver/lib/libhandler.so 0x2bb947c0
D/dalvikvm( 3509): Added shared lib /data/data/ru.zdevs.zarchiver/lib/libhandler.so 0x2bb947c0
D/dalvikvm( 3509): Trying to load lib /data/data/ru.zdevs.zarchiver/lib/libp7zip.so 0x2bb947c0
D/dalvikvm( 3509): Added shared lib /data/data/ru.zdevs.zarchiver/lib/libp7zip.so 0x2bb947c0
D/dalvikvm( 3509): No JNI_OnLoad found in /data/data/ru.zdevs.zarchiver/lib/libp7zip.so 0x2bb947c0, skipping init
D/dalvikvm( 3509): Trying to load lib /data/data/ru.zdevs.zarchiver/lib/libunrar.so 0x2bb947c0
D/dalvikvm( 3509): Added shared lib /data/data/ru.zdevs.zarchiver/lib/libunrar.so 0x2bb947c0
D/dalvikvm( 3509): No JNI_OnLoad found in /data/data/ru.zdevs.zarchiver/lib/libunrar.so 0x2bb947c0, skipping init
D/dalvikvm( 3509): Trying to load lib /data/data/ru.zdevs.zarchiver/lib/libunarc.so 0x2bb947c0
D/dalvikvm( 3509): Added shared lib /data/data/ru.zdevs.zarchiver/lib/libunarc.so 0x2bb947c0
D/dalvikvm( 3509): No JNI_OnLoad found in /data/data/ru.zdevs.zarchiver/lib/libunarc.so 0x2bb947c0, skipping init
D/dalvikvm( 3509): Trying to load lib /data/data/ru.zdevs.zarchiver/lib/libcontrol.so 0x2bb947c0
D/TextLayoutCache( 3495): Using debug level: 0 - Debug Enabled: 0
D/dalvikvm( 3509): Added shared lib /data/data/ru.zdevs.zarchiver/lib/libcontrol.so 0x2bb947c0
I/dalvikvm( 3509): Could not find method android.content.Context.getExternalFilesDirs, referenced from method ru.zdevs.zarchiver.service.a.b
W/dalvikvm( 3509): VFY: unable to resolve virtual method 92: Landroid/content/Context;.getExternalFilesDirs (Ljava/lang/String;)[Ljava/io/File;
D/dalvikvm( 3509): VFY: replacing opcode 0x6e at 0x0015
I/dalvikvm( 3509): Could not find method android.content.Context.getExternalFilesDirs, referenced from method ru.zdevs.zarchiver.service.a.c
W/dalvikvm( 3509): VFY: unable to resolve virtual method 92: Landroid/content/Context;.getExternalFilesDirs (Ljava/lang/String;)[Ljava/io/File;
D/dalvikvm( 3509): VFY: replacing opcode 0x6e at 0x0018
D/ZArchiverService( 3509): Service start
D/libEGL  ( 3495): loaded /system/lib/egl/libGLES_android.so
D/libEGL  ( 3495): loaded /system/lib/egl/libEGL_adreno200.so
D/libEGL  ( 3495): loaded /system/lib/egl/libGLESv1_CM_adreno200.so
D/libEGL  ( 3495): loaded /system/lib/egl/libGLESv2_adreno200.so
D/OpenGLRenderer( 3495): Enabling debug mode 0
W/ServiceConnection( 3495): Service connected
D/ZArchiverService( 3509): GUIStatus (1)
W/ServiceConnection( 3495): Close dialog 'wait service'
W/InputManagerService(  301): Starting input on non-focused client com.android.internal.view.IInputMethodClient$Stub$Proxy@2c159e80 (uid=10015 pid=3239)
I/ActivityManager(  301): Displayed ru.zdevs.zarchiver/.ZArchiver: +2s439ms
D/SurfaceFlinger(  132): Release buffer at 0x983f8
I/ActivityManager(  301): Process com.google.android.youtube (pid 1054) has died.
W/kernel  (  143): [ 2117.805908] select 457 (e.process.gapps), adj 9, size 6036, to kill
W/kernel  (  143): [ 2117.805938] select 648 (son.simcontacts), adj 12, size 4245, to kill
W/kernel  (  143): [ 2117.805938] select 791 (annimon.anmusic), adj 12, size 4358, to kill
W/kernel  (  143): [ 2117.805969] select 1054 (android.youtube), adj 12, size 5992, to kill
W/kernel  (  143): [ 2117.805969] send sigkill to 1054 (android.youtube), adj 12, size 5992
W/ActivityManager(  301): Scheduling restart of crashed service com.google.android.youtube/com.google.android.apps.youtube.app.offline.transfer.OfflineTransferService in 5000ms
D/FillFileListActionFS( 3495): LEN(FileList) = 1; Path = local:///mnt/sdcard/11
D/dalvikvm( 3495): GC_CONCURRENT freed 286K, 5% free 7207K/7559K, paused 4ms+5ms
I/ActivityManager(  301): Start proc com.google.android.youtube for service com.google.android.youtube/com.google.android.apps.youtube.app.offline.transfer.OfflineTransferService: pid=3527 uid=10082 gids={3003, 1015, 1006}
D/SurfaceFlinger(  132): Release buffer at 0x983f8
D/dalvikvm(  301): GC_EXPLICIT freed 353K, 13% free 12221K/13959K, paused 4ms+8ms
D/dalvikvm( 3527): GC_CONCURRENT freed 170K, 4% free 6751K/6983K, paused 3ms+2ms
D/dalvikvm( 3527): GC_CONCURRENT freed 137K, 4% free 7084K/7303K, paused 3ms+2ms
I/ActivityThread( 3527): Pub com.google.android.youtube.SuggestionProvider: com.google.android.apps.youtube.app.suggest.YouTubeSuggestionProvider
I/ActivityThread( 3527): Pub com.google.android.youtube.fileprovider: android.support.v4.content.FileProvider
W/kernel  (  143): [ 2123.836486] select 457 (e.process.gapps), adj 9, size 6029, to kill
W/kernel  (  143): [ 2123.836517] select 648 (son.simcontacts), adj 12, size 4245, to kill
W/kernel  (  143): [ 2123.836547] select 791 (annimon.anmusic), adj 12, size 4358, to kill
W/kernel  (  143): [ 2123.836608] send sigkill to 791 (annimon.anmusic), adj 12, size 4358
I/ActivityManager(  301): Process com.annimon.anmusic (pid 791) has died.
W/ActivityManager(  301): Scheduling restart of crashed service com.annimon.anmusic/.aNMusicService in 5000ms
D/dalvikvm( 3527): GC_CONCURRENT freed 218K, 5% free 7372K/7687K, paused 3ms+2ms
D/dalvikvm( 3527): GC_CONCURRENT freed 216K, 4% free 7721K/8007K, paused 2ms+3ms
E/dalvikvm( 3527): Could not find class 'android.transition.Transition', referenced from method a.a
W/dalvikvm( 3527): VFY: unable to resolve check-cast 700 (Landroid/transition/Transition;) in La;
D/dalvikvm( 3527): VFY: replacing opcode 0x1f at 0x0002
E/dalvikvm( 3527): Could not find class 'android.media.MediaRouter', referenced from method a.a
W/dalvikvm( 3527): VFY: unable to resolve check-cast 555 (Landroid/media/MediaRouter;) in La;
D/dalvikvm( 3527): VFY: replacing opcode 0x1f at 0x0000
E/dalvikvm( 3527): Could not find class 'android.media.MediaRouter', referenced from method a.a
W/dalvikvm( 3527): VFY: unable to resolve check-cast 555 (Landroid/media/MediaRouter;) in La;
D/dalvikvm( 3527): VFY: replacing opcode 0x1f at 0x0000
W/dalvikvm( 3527): Unable to resolve superclass of Lsq; (554)
W/dalvikvm( 3527): Link of class 'Lsq;' failed
E/dalvikvm( 3527): Could not find class 'sq', referenced from method a.a
W/dalvikvm( 3527): VFY: unable to resolve new-instance 7607 (Lsq;) in La;
D/dalvikvm( 3527): VFY: replacing opcode 0x22 at 0x0000
D/dalvikvm( 3527): Trying to load lib /data/data/com.google.android.gms/lib/libgmscore.so 0x2bb8c408
I/dalvikvm( 3527): Could not find method android.view.Window.setStatusBarColor, referenced from method a.a
W/dalvikvm( 3527): VFY: unable to resolve virtual method 5539: Landroid/view/Window;.setStatusBarColor (I)V
D/dalvikvm( 3527): VFY: replacing opcode 0x6e at 0x000a
E/dalvikvm( 3527): Could not find class 'android.app.Notification$Action$Builder', referenced from method a.a
W/dalvikvm( 3527): VFY: unable to resolve new-instance 390 (Landroid/app/Notification$Action$Builder;) in La;
D/dalvikvm( 3527): VFY: replacing opcode 0x22 at 0x0000
D/dalvikvm( 3527): Added shared lib /data/data/com.google.android.gms/lib/libgmscore.so 0x2bb8c408
D/dalvikvm( 3527): No JNI_OnLoad found in /data/data/com.google.android.gms/lib/libgmscore.so 0x2bb8c408, skipping init
D/dalvikvm( 3527): Trying to load lib /data/data/com.google.android.gms/lib/libconscrypt_gmscore_jni.so 0x2bb8c408
D/dalvikvm( 3527): Added shared lib /data/data/com.google.android.gms/lib/libconscrypt_gmscore_jni.so 0x2bb8c408
V/JNIHelp ( 3527): Registering com/google/android/gms/org/conscrypt/NativeCrypto's 235 native methods...
E/dalvikvm( 3527): Could not find class 'android.transition.Transition', referenced from method a.a
W/dalvikvm( 3527): VFY: unable to resolve check-cast 700 (Landroid/transition/Transition;) in La;
D/dalvikvm( 3527): VFY: replacing opcode 0x1f at 0x0000
E/dalvikvm( 3527): Could not find class 'android.transition.Transition', referenced from method a.a
W/dalvikvm( 3527): VFY: unable to resolve check-cast 700 (Landroid/transition/Transition;) in La;
D/dalvikvm( 3527): VFY: replacing opcode 0x1f at 0x0000
E/dalvikvm( 3527): Could not find class 'android.media.MediaRouter', referenced from method a.a
W/dalvikvm( 3527): VFY: unable to resolve check-cast 555 (Landroid/media/MediaRouter;) in La;
D/dalvikvm( 3527): VFY: replacing opcode 0x1f at 0x0000
E/dalvikvm( 3527): Could not find class 'android.transition.Transition', referenced from method a.a
W/dalvikvm( 3527): VFY: unable to resolve check-cast 700 (Landroid/transition/Transition;) in La;
D/dalvikvm( 3527): VFY: replacing opcode 0x1f at 0x0005
E/dalvikvm( 3527): Could not find class 'android.transition.Transition', referenced from method a.a
W/dalvikvm( 3527): VFY: unable to resolve check-cast 700 (Landroid/transition/Transition;) in La;
D/dalvikvm( 3527): VFY: replacing opcode 0x1f at 0x0000
I/dalvikvm( 3527): Could not find method android.view.ViewGroup.isTransitionGroup, referenced from method a.a
W/dalvikvm( 3527): VFY: unable to resolve virtual method 5435: Landroid/view/ViewGroup;.isTransitionGroup ()Z
D/dalvikvm( 3527): VFY: replacing opcode 0x6e at 0x000c
I/dalvikvm( 3527): Could not find method android.view.View.getTransitionName, referenced from method a.a
W/dalvikvm( 3527): VFY: unable to resolve virtual method 5280: Landroid/view/View;.getTransitionName ()Ljava/lang/String;
D/dalvikvm( 3527): VFY: replacing opcode 0x6e at 0x0006
W/dalvikvm( 3527): VFY: unable to find class referenced in signature ([Landroid/app/RemoteInput;)
E/dalvikvm( 3527): Could not find class 'android.app.RemoteInput[]', referenced from method a.a
W/dalvikvm( 3527): VFY: unable to resolve new-array 7822 ([Landroid/app/RemoteInput;) in La;
D/dalvikvm( 3527): VFY: replacing opcode 0x23 at 0x0005
E/dalvikvm( 3527): Could not find class 'android.media.MediaRouter', referenced from method a.b
W/dalvikvm( 3527): VFY: unable to resolve check-cast 555 (Landroid/media/MediaRouter;) in La;
D/dalvikvm( 3527): VFY: replacing opcode 0x1f at 0x0000
E/dalvikvm( 3527): Could not find class 'android.media.MediaRouter$UserRouteInfo', referenced from method a.b
W/dalvikvm( 3527): VFY: unable to resolve check-cast 553 (Landroid/media/MediaRouter$UserRouteInfo;) in La;
D/dalvikvm( 3527): VFY: replacing opcode 0x1f at 0x0000
E/dalvikvm( 3527): Could not find class 'android.transition.Transition', referenced from method a.b
W/dalvikvm( 3527): VFY: unable to resolve check-cast 700 (Landroid/transition/Transition;) in La;
D/dalvikvm( 3527): VFY: replacing opcode 0x1f at 0x0000
E/dalvikvm( 3527): Could not find class 'android.media.MediaRouter$UserRouteInfo', referenced from method a.c
W/dalvikvm( 3527): VFY: unable to resolve check-cast 553 (Landroid/media/MediaRouter$UserRouteInfo;) in La;
D/dalvikvm( 3527): VFY: replacing opcode 0x1f at 0x0000
E/dalvikvm( 3527): Could not find class 'android.media.MediaRouter$RouteInfo', referenced from method a.c
W/dalvikvm( 3527): VFY: unable to resolve check-cast 552 (Landroid/media/MediaRouter$RouteInfo;) in La;
D/dalvikvm( 3527): VFY: replacing opcode 0x1f at 0x0000
E/dalvikvm( 3527): Could not find class 'android.media.MediaRouter$UserRouteInfo', referenced from method a.d
W/dalvikvm( 3527): VFY: unable to resolve check-cast 553 (Landroid/media/MediaRouter$UserRouteInfo;) in La;
D/dalvikvm( 3527): VFY: replacing opcode 0x1f at 0x0000
E/dalvikvm( 3527): Could not find class 'android.media.MediaRouter$UserRouteInfo', referenced from method a.d
W/dalvikvm( 3527): VFY: unable to resolve check-cast 553 (Landroid/media/MediaRouter$UserRouteInfo;) in La;
D/dalvikvm( 3527): VFY: replacing opcode 0x1f at 0x0000
E/dalvikvm( 3527): Could not find class 'android.media.MediaRouter$UserRouteInfo', referenced from method a.e
W/dalvikvm( 3527): VFY: unable to resolve check-cast 553 (Landroid/media/MediaRouter$UserRouteInfo;) in La;
D/dalvikvm( 3527): VFY: replacing opcode 0x1f at 0x0000
I/dalvikvm( 3527): Could not find method android.os.StatFs.getAvailableBlocksLong, referenced from method a.f
W/dalvikvm( 3527): VFY: unable to resolve virtual method 3894: Landroid/os/StatFs;.getAvailableBlocksLong ()J
D/dalvikvm( 3527): VFY: replacing opcode 0x6e at 0x001a
E/dalvikvm( 3527): Could not find class 'android.media.MediaRouter$UserRouteInfo', referenced from method a.f
W/dalvikvm( 3527): VFY: unable to resolve check-cast 553 (Landroid/media/MediaRouter$UserRouteInfo;) in La;
D/dalvikvm( 3527): VFY: replacing opcode 0x1f at 0x0000
I/dalvikvm( 3527): Could not find method android.os.Trace.endSection, referenced from method a.o
W/dalvikvm( 3527): VFY: unable to resolve static method 3903: Landroid/os/Trace;.endSection ()V
D/dalvikvm( 3527): VFY: replacing opcode 0x71 at 0x0006
I/dalvikvm( 3527): Could not find method android.os.Trace.beginSection, referenced from method a.s
W/dalvikvm( 3527): VFY: unable to resolve static method 3902: Landroid/os/Trace;.beginSection (Ljava/lang/String;)V
D/dalvikvm( 3527): VFY: replacing opcode 0x71 at 0x0006
W/dalvikvm( 3527): Unable to resolve superclass of Lsq; (554)
W/dalvikvm( 3527): Link of class 'Lsq;' failed
D/dalvikvm( 3527): DexOpt: unable to opt direct call 0x9f25 at 0x02 in La;.a
D/dalvikvm( 3527): DexOpt: unable to opt direct call 0x0abb at 0x0e in La;.a
W/dalvikvm( 3527): Unable to resolve superclass of Lag; (699)
W/dalvikvm( 3527): Link of class 'Lag;' failed
D/dalvikvm( 3527): DexOpt: unable to opt direct call 0x05e8 at 0x08 in La;.a
W/dalvikvm( 3527): Unable to resolve superclass of Lai; (699)
W/dalvikvm( 3527): Link of class 'Lai;' failed
D/dalvikvm( 3527): DexOpt: unable to opt direct call 0x06a0 at 0x2c in La;.a
D/dalvikvm( 3527): DexOpt: unable to opt direct call 0x0b03 at 0x13 in La;.a
D/dalvikvm( 3527): GC_CONCURRENT freed 269K, 5% free 7989K/8327K, paused 3ms+3ms
D/dalvikvm( 3527): Trying to load lib /data/data/com.google.android.gms/lib/libgmscore.so 0x2bb8c408
D/dalvikvm( 3527): Shared lib '/data/data/com.google.android.gms/lib/libgmscore.so' already loaded in same CL 0x2bb8c408
D/dalvikvm( 3527): Trying to load lib /data/data/com.google.android.gms/lib/libconscrypt_gmscore_jni.so 0x2bb8c408
D/dalvikvm( 3527): Shared lib '/data/data/com.google.android.gms/lib/libconscrypt_gmscore_jni.so' already loaded in same CL 0x2bb8c408
I/ProviderInstaller( 3527): Installed default security provider GmsCore_OpenSSL
W/kernel  (  143): [ 2125.754516] select 648 (son.simcontacts), adj 11, size 4235, to kill
W/kernel  (  143): [ 2125.754516] select 1021 (ufou.android.su), adj 11, size 4672, to kill
W/kernel  (  143): [ 2125.754547] send sigkill to 1021 (ufou.android.su), adj 11, size 4672
I/ActivityManager(  301): Process com.noshufou.android.su (pid 1021) has died.
D/dalvikvm( 3527): GC_CONCURRENT freed 222K, 4% free 8199K/8519K, paused 8ms+2ms
D/dalvikvm(  378): GC_CONCURRENT freed 382K, 30% free 7090K/10055K, paused 4ms+3ms
D/OpenGLRenderer(  512): Flushing caches (mode 1)
D/OpenGLRenderer( 3239): Flushing caches (mode 1)
D/OpenGLRenderer( 2596): Flushing caches (mode 2)
I/dalvikvm( 3527): Could not find method android.content.Context.getExternalFilesDirs, referenced from method exn.a
W/dalvikvm( 3527): VFY: unable to resolve virtual method 2892: Landroid/content/Context;.getExternalFilesDirs (Ljava/lang/String;)[Ljava/io/File;
D/dalvikvm( 3527): VFY: replacing opcode 0x6e at 0x000c
I/dalvikvm( 3527): Could not find method android.content.Context.getExternalFilesDirs, referenced from method exn.b
