--------- beginning of /dev/log/system
I/Vold    (  128): Vold 2.1 (the revenge) firing up
D/Vold    (  128): Volume sdcard state changing -1 (Initializing) -> 0 (No-Media)
D/Vold    (  128): Volume sdcard state changing 0 (No-Media) -> 2 (Pending)
D/Vold    (  128): Volume sdcard state changing 2 (Pending) -> 1 (Idle-Unmounted)
I/SystemServer(  301): Entered the Android system server!
I/SystemServer(  301): Entropy Service
I/SystemServer(  301): Power Manager
I/SystemServer(  301): Activity Manager
I/ActivityManager(  301): Memory class: 48
I/SystemServer(  301): Telephony Registry
I/SystemServer(  301): Package Manager
W/PackageManager(  301): Library not found: /system/framework/com.sonyericsson.android.socialphonebook.jar
W/PackageManager(  301): Application package com.sonyericsson.uxp already installed.  Skipping duplicate.
W/PackageParser(  301): No actions in intent filter at /system/app/Bluetooth.apk Binary XML file line #114
I/PackageParser(  301): de.gavitec.semc: compat added android.permission.WRITE_EXTERNAL_STORAGE android.permission.READ_PHONE_STATE
W/PackageParser(  301): /system/app/OemCryptoReceiver.apk (at Binary XML file line #16): <manifest> specifies bad sharedUserId name "drm": must have at least one '.' separator
W/PackageParser(  301): No actions in intent filter at /system/app/textinput-tng.apk Binary XML file line #37
I/Installer(  301): connecting...
W/PackageParser(  301): No actions in intent filter at /data/app/name.dohkoos.rootuninstaller-1.apk Binary XML file line #18
W/PackageParser(  301): No actions in intent filter at /data/app/name.dohkoos.rootuninstaller-1.apk Binary XML file line #25
W/PackageManager(  301): Package com.alensw.PicFolder desires unavailable shared library com.sec.android.app.multiwindow; ignoring!
W/PackageManager(  301): Package com.mxtech.videoplayer.ad desires unavailable shared library com.sec.android.app.multiwindow; ignoring!
W/PackageManager(  301): Package com.google.android.gms desires unavailable shared library com.android.media.remotedisplay; ignoring!
W/PackageManager(  301): Package com.google.android.gms desires unavailable shared library com.google.android.ble; ignoring!
W/PackageManager(  301): Package com.anttek.explorerex desires unavailable shared library com.sec.android.app.multiwindow; ignoring!
W/PackageParser(  301): Unknown element under <manifest>: meta-data at /data/app/com.elvison.batterywidget-1.apk Binary XML file line #55
I/PackageManager(  301): Time to scan packages: 5.152 seconds
W/PackageManager(  301): Unknown permission android.permission.ADD_SYSTEM_SERVICE in package com.android.phone
W/PackageManager(  301): Unknown permission com.android.vending.billing.IBillingAccountService.BIND2 in package com.google.android.gsf.login
W/PackageManager(  301): Unknown permission com.sonyericsson.permission.CONTACTS_PICK_CONVERSATIONS_TARGET in package com.sonyericsson.conversations
W/PackageManager(  301): Unknown permission com.sonyericsson.permission.ACCESS_PROTECTED_CONTACTS in package com.sonyericsson.conversations
W/PackageManager(  301): Unknown permission com.sonyericsson.permission.CUSTOMIZATION in package com.sonyericsson.textinput.uxp
W/PackageManager(  301): Not granting permission android.permission.BROADCAST_PACKAGE_REMOVED to package com.google.android.marvin.talkback (protectionLevel=2 flags=0x9bec5)
W/PackageManager(  301): Unknown permission android.permission.INTERACT_ACROSS_USERS in package com.google.android.gms
W/PackageManager(  301): Unknown permission android.permission.RECOVERY in package com.google.android.gms
W/PackageManager(  301): Unknown permission android.permission.READ_DREAM_STATE in package com.google.android.gms
W/PackageManager(  301): Unknown permission android.permission.RECEIVE_DATA_ACTIVITY_CHANGE in package com.google.android.gms
W/PackageManager(  301): Unknown permission android.permission.READ_EXTERNAL_STORAGE in package com.google.android.gms
W/PackageManager(  301): Unknown permission android.permission.PROVIDE_TRUST_AGENT in package com.google.android.gms
W/PackageManager(  301): Unknown permission com.google.android.apps.enterprise.dmagent.permission.AutoSyncPermission in package com.google.android.gms
W/PackageManager(  301): Unknown permission android.permission.LOCATION_HARDWARE in package com.google.android.gms
W/PackageManager(  301): Unknown permission android.permission.GET_APP_OPS_STATS in package com.google.android.gms
W/PackageManager(  301): Unknown permission android.permission.UPDATE_APP_OPS_STATS in package com.google.android.gms
W/PackageManager(  301): Unknown permission android.permission.CAPTURE_AUDIO_HOTWORD in package com.google.android.gms
W/PackageManager(  301): Unknown permission com.google.android.googlequicksearchbox.permission.PAUSE_HOTWORD in package com.google.android.gms
W/PackageManager(  301): Unknown permission android.permission.MANAGE_VOICE_KEYPHRASES in package com.google.android.gms
W/PackageManager(  301): Unknown permission android.permission.REAL_GET_TASKS in package com.google.android.gms
W/PackageManager(  301): Unknown permission android.permission.READ_CALL_LOG in package com.google.android.gms
W/PackageManager(  301): Unknown permission com.google.android.hangouts.START_HANGOUT in package com.google.android.gms
W/PackageManager(  301): Unknown permission android.permission.ACCESS_NETWORK_CONDITIONS in package com.google.android.gms
W/PackageManager(  301): Unknown permission android.permission.MANAGE_DEVICE_ADMINS in package com.google.android.gms
W/PackageManager(  301): Unknown permission android.permission.READ_WIFI_CREDENTIAL in package com.google.android.gms
W/PackageManager(  301): Not granting permission android.permission.MODIFY_PHONE_STATE to package com.google.android.gms (protectionLevel=3 flags=0x83e44)
W/PackageManager(  301): Unknown permission android.permission.CONTROL_INCALL_EXPERIENCE in package com.google.android.gms
W/PackageManager(  301): Not granting permission android.permission.MANAGE_USB to package com.google.android.gms (protectionLevel=3 flags=0x83e44)
W/PackageManager(  301): Not granting permission android.permission.CALL_PRIVILEGED to package com.google.android.gms (protectionLevel=3 flags=0x83e44)
W/PackageManager(  301): Unknown permission android.permission.BLUETOOTH_PRIVILEGED in package com.google.android.gms
W/PackageManager(  301): Unknown permission android.permission.USER_ACTIVITY in package com.google.android.gms
W/PackageManager(  301): Unknown permission android.permission.CAPTURE_AUDIO_OUTPUT in package com.google.android.gms
W/PackageManager(  301): Unknown permission android.permission.CAPTURE_VIDEO_OUTPUT in package com.google.android.gms
W/PackageManager(  301): Unknown permission android.permission.CAPTURE_SECURE_VIDEO_OUTPUT in package com.google.android.gms
W/PackageManager(  301): Not granting permission android.permission.READ_FRAME_BUFFER to package com.google.android.gms (protectionLevel=3 flags=0x83e44)
W/PackageManager(  301): Unknown permission com.google.android.wearable.READ_SETTINGS in package com.google.android.gms
W/PackageManager(  301): Unknown permission android.permission.SCORE_NETWORKS in package com.google.android.gms
W/PackageManager(  301): Unknown permission android.permission.BODY_SENSORS in package com.google.android.gms
W/PackageManager(  301): Not granting permission android.permission.FORCE_STOP_PACKAGES to package com.google.android.gms (protectionLevel=2 flags=0x83e44)
W/PackageManager(  301): Unknown permission android.permission.READ_OWNER_DATA in package com.google.android.setupwizard
W/PackageManager(  301): Unknown permission android.permission.WRITE_OWNER_DATA in package com.google.android.setupwizard
W/PackageManager(  301): Unknown permission com.android.launcher.permission.READ_SETTINGS in package com.android.settings
W/PackageManager(  301): Unknown permission com.android.launcher.permission.WRITE_SETTINGS in package com.android.settings
W/PackageManager(  301): Unknown permission com.sonyericsson.android.permission.FACERECOGNITION_SERVICE in package com.sonyericsson.android.camera
W/PackageManager(  301): Unknown permission com.android.browser.permission.PRELOAD in package com.google.android.googlequicksearchbox
W/PackageManager(  301): Unknown permission android.webkit.permission.PLUGIN in package com.adobe.flashplayer
W/PackageManager(  301): Unknown permission com.google.android.gm.permission.READ_GMAIL in package com.sonyericsson.music
W/PackageManager(  301): Unknown permission com.sonyericsson.permission.MUSIC_LIKE in package com.sonyericsson.music
W/PackageManager(  301): Unknown permission android.permission.ACCESS_LOCATION in package com.sonyericsson.android.servicemenu
W/PackageManager(  301): Unknown permission android.permission.ACCESS_GPS in package com.sonyericsson.android.servicemenu
W/PackageManager(  301): Unknown permission android.permission.ACCESS_WAKE_LOCK in package com.sonyericsson.android.servicemenu
W/PackageManager(  301): Unknown permission com.sonyericsson.servicemenu.permission.ACCESS_SERVICE_MENU in package com.sonyericsson.android.servicemenu
W/PackageManager(  301): Unknown permission com.sonyericsson.permission.FACEBOOK in package com.sonyericsson.home
W/PackageManager(  301): Unknown permission com.sonyericsson.extras.liveware.aef.EXTENSION_PERMISSION in package com.sonyericsson.extras.liveware.extension.mail
W/PackageManager(  301): Unknown permission com.sonyericsson.permission.CUSTOMIZATION in package com.sonyericsson.smartslidersettings
W/PackageManager(  301): Unknown permission android.permission.READ_EXTERNAL_STORAGE in package ru.zdevs.zarchiver
W/PackageManager(  301): Not granting permission android.permission.WRITE_MEDIA_STORAGE to package ru.zdevs.zarchiver (protectionLevel=3 flags=0x18be44)
W/PackageManager(  301): Unknown permission com.android.launcher.permission.READ_SETTINGS in package com.google.android.onetimeinitializer
W/PackageManager(  301): Unknown permission com.android.launcher.permission.WRITE_SETTINGS in package com.google.android.onetimeinitializer
W/PackageManager(  301): Unknown permission android.permission.READ_EXTERNAL_STORAGE in package com.anttek.explorerex
W/PackageManager(  301): Unknown permission android.permission.ACCESS_SUPERUSER in package com.anttek.explorerex
W/PackageManager(  301): Unknown permission android.permission.ACCESS_SUPERUSER in package os.tools.scriptmanager
W/PackageManager(  301): Unknown permission com.google.android.apps.googlevoice.permission.AUTO_SEND in package com.google.android.voicesearch
W/PackageManager(  301): Unknown permission com.google.android.gm.permission.AUTO_SEND in package com.google.android.voicesearch
W/PackageManager(  301): Not granting permission android.permission.DEVICE_POWER to package com.sonyericsson.android.socialphonebook (protectionLevel=2 flags=0x8be45)
W/PackageManager(  301): Not granting permission android.permission.ACCESS_DRM to package com.sonyericsson.android.socialphonebook (protectionLevel=2 flags=0x8be45)
W/PackageManager(  301): Unknown permission com.android.email.permission.ACCESS_GAL_PROVIDER in package com.sonyericsson.android.socialphonebook
W/PackageManager(  301): Not granting permission com.sonyericsson.permission.CONVERSATIONS_SETTINGS_PROVIDER to package com.sonyericsson.android.socialphonebook (protectionLevel=2 flags=0x8be45)
W/PackageManager(  301): Unknown permission com.google.android.gm.permission.READ_GMAIL in package com.google.android.talk
W/PackageManager(  301): Unknown permission com.sonyericsson.permission.MUSIC_LIKE in package com.sonyericsson.advancedwidget.music
W/PackageManager(  301): Unknown permission android.permission.ACCESS_SUPERUSER in package stericson.busybox.donate
W/PackageManager(  301): Unknown permission com.google.android.gm.permission.READ_GMAIL in package com.google.android.apps.uploader
W/PackageManager(  301): Unknown permission com.sonyericsson.timescape.permission.TIMESCAPE_SETTINGS in package com.sonyericsson.settings
W/PackageManager(  301): Unknown permission com.sonyericsson.android.permission.SEMC_PLUGIN_ACCESS in package com.sonyericsson.solsplayer
W/PackageManager(  301): Unknown permission android.permission.REAL_GET_TASKS in package com.android.vending
W/PackageManager(  301): Unknown permission android.permission.READ_EXTERNAL_STORAGE in package com.android.vending
W/PackageManager(  301): Not granting permission android.permission.SEND_DOWNLOAD_COMPLETED_INTENTS to package com.android.vending (protectionLevel=2 flags=0xabec5)
W/PackageManager(  301): Not granting permission android.permission.SEND_SMS_NO_CONFIRMATION to package com.android.vending (protectionLevel=3 flags=0xabec5)
W/PackageManager(  301): Not granting permission android.permission.PACKAGE_VERIFICATION_AGENT to package com.android.vending (protectionLevel=3 flags=0xabec5)
W/PackageManager(  301): Unknown permission android.permission.MANAGE_USERS in package com.android.vending
W/PackageManager(  301): Unknown permission android.permission.INTERACT_ACROSS_USERS in package com.android.vending
W/PackageManager(  301): Not granting permission android.permission.WRITE_SECURE_SETTINGS to package com.android.vending (protectionLevel=3 flags=0xabec5)
W/PackageManager(  301): Not granting permission android.permission.FORCE_STOP_PACKAGES to package com.android.vending (protectionLevel=2 flags=0xabec5)
W/PackageManager(  301): Unknown permission com.sonyericsson.permission.PICKER in package com.sonyericsson.sync.ui
W/PackageManager(  301): Unknown permission com.sonyericsson.permission.IDD in package com.sonyericsson.crashmonitor
W/PackageManager(  301): Unknown permission com.sonyericsson.permission.IDD_PRIVATE in package com.sonyericsson.crashmonitor
W/PackageManager(  301): Unknown permission android.Manifest.permission.READ_LOGS in package com.sonyericsson.crashmonitor
W/PackageManager(  301): Unknown permission android.permission.MANAGE_DOCUMENTS in package com.google.android.youtube
W/PackageManager(  301): Not granting permission android.permission.DEVICE_POWER to package com.android.deskclock (protectionLevel=2 flags=0x8be45)
W/PackageManager(  301): Unknown permission com.opera.GET_BRANDING in package com.opera.browser.classic
W/PackageManager(  301): Not granting permission android.permission.DEVICE_POWER to package com.android.facelock (protectionLevel=2 flags=0x8be45)
W/PackageManager(  301): Unknown permission andriod.permission.MANAGE_USB in package com.sonyericsson.usbux
I/SystemServer(  301): Account Manager
I/SystemServer(  301): Content Manager
I/SystemServer(  301): System Content Providers
I/SystemServer(  301): Lights Service
I/SystemServer(  301): Battery Service
I/SystemServer(  301): Vibrator Service
I/SystemServer(  301): Alarm Manager
I/SystemServer(  301): Init Watchdog
I/SystemServer(  301): Window Manager
I/InputManager(  301): Initializing input manager
W/StatusBarManager(  301): warning: no STATUS_BAR_SERVICE
I/InputManager(  301): Starting input manager
I/SystemServer(  301): Bluetooth Service
I/SystemServer(  301): Input Method Service
W/InputManagerService(  301): Couldn't create dir.: /data/system/inputmethod
I/SystemServer(  301): Accessibility Manager
I/ActivityManager(  301): Config changed: {1.0 0mcc0mnc ru_RU layoutdir=0 sw320dp w320dp h455dp nrml port ?uimode ?night finger qwerty/v/h -nav/h theme=ComponentInfo{/} s.2}
I/SystemServer(  301): Device Policy
I/SystemServer(  301): Status Bar
I/SystemServer(  301): Clipboard Service
I/SystemServer(  301): NetworkManagement Service
I/SystemServer(  301): Text Service Manager Service
W/TextServicesManagerService(  301): no available spell checker services found
I/SystemServer(  301): NetworkStats Service
I/SystemServer(  301): NetworkPolicy Service
I/SystemServer(  301): Wi-Fi P2pService
I/SystemServer(  301): Wi-Fi Service
I/SystemServer(  301): Connectivity Service
D/ConnectivityService(  301): ConnectivityService starting up
E/MobileDataStateTracker(  301): default: Ignoring feature request because could not acquire PhoneService
E/MobileDataStateTracker(  301): default: Could not enable APN type "default"
D/NetworkManagementService(  301): Registering observer
D/NetworkManagementService(  301): Registering observer
I/WifiService(  301): WifiService starting up with Wi-Fi disabled
I/SystemServer(  301): Throttle Service
I/SystemServer(  301): Mount Service
D/MountService(  301): got storage path: /mnt/sdcard description: SD-карта primary: true removable: true emulated: false mtpReserve: 0 allowMassStorage: true maxFileSize: 0
I/SystemServer(  301): Notification Manager
I/SystemServer(  301): Device Storage Monitor
I/SystemServer(  301): Location Manager
I/SystemServer(  301): Country Detector
I/SystemServer(  301): Search Service
I/SystemServer(  301): DropBox Service
D/VoldCmdListener(  128): volume list
D/MountService(  301): volume state changed for /mnt/sdcard (null -> unmounted)
I/SystemServer(  301): Wallpaper Service
I/SystemServer(  301): Audio Service
I/SystemServer(  301): Dock Observer
W/DockObserver(  301): This kernel does not have dock station support
I/SystemServer(  301): Wired Accessory Observer
I/SystemServer(  301): USB Service
I/SystemServer(  301): UI Mode Manager Service
I/SystemServer(  301): Backup Service
V/BackupManagerService(  301): Initializing package tracking
V/BackupManagerService(  301): addPackageParticipantsLocked: all
V/BackupManagerService(  301): Registering transport android/com.android.internal.backup.LocalTransport = com.android.internal.backup.LocalTransport@2bec23b8
V/BackupManagerService(  301): Starting with transport com.google.android.backup/.BackupTransportService
V/BackupManagerService(  301): Binding to Google transport
I/BackupManagerService(  301): Found stale backup journal, scheduling
I/BackupManagerService(  301):   com.android.providers.settings
I/BackupManagerService(  301): Backup enabled => true
I/SystemServer(  301): AppWidget Service
I/SystemServer(  301): Recognition Service
I/SystemServer(  301): DiskStats Service
I/SystemServer(  301): SamplingProfiler Service
I/SystemServer(  301): NetworkTimeUpdateService
D/PowerManagerService(  301): system ready!
I/ActivityManager(  301): System now ready
W/ActivityManager(  301): failed parsing /data/system/themecomponent.xml java.io.FileNotFoundException: /data/system/themecomponent.xml: open failed: ENOENT (No such file or directory)
I/SystemServer(  301): Making services ready
D/SystemServer(  301): Starting service: Intent { cmp=com.android.systemui/.SystemUIService }
I/ActivityManager(  301): Start proc com.android.systemui for service com.android.systemui/.SystemUIService: pid=378 uid=1000 gids={1015, 3002, 3001, 3003, 3007}
D/NetworkManagementService(  301): enabling bandwidth control
D/SystemUIService(  378): loading: class com.android.systemui.statusbar.phone.PhoneStatusBar
D/SystemUIService(  378): running: com.android.systemui.statusbar.phone.PhoneStatusBar@2bbb0d00
I/ActivityManager(  301): Start proc com.google.android.gsf.login for service com.google.android.gsf.login/com.google.android.gsf.loginservice.GoogleLoginService: pid=421 uid=10065 gids={3003, 1015, 1007, 1006, 3002, 3001, 2001, 3006}
D/NetworkManagementService(  301): Registering observer
D/NetworkManagementService(  301): Registering observer
I/ActivityManager(  301): Start proc android.process.media for broadcast com.android.providers.media/.UsbReceiver: pid=440 uid=10010 gids={1015, 1023, 1024, 2001, 3003, 3007}
I/ActivityManager(  301): Config changed: {1.0 0mcc0mnc ru_RU layoutdir=0 sw320dp w320dp h455dp nrml port finger qwerty/v/h -nav/h theme=ComponentInfo{com.sonyericsson.defaultruntimethemes/com.sonyericsson.defaultruntimethemes.BlueThemeService} s.3}
I/ActivityManager(  301): Start proc com.google.process.gapps for content provider com.google.android.gsf/.gservices.GservicesProvider: pid=457 uid=10065 gids={3003, 1015, 1007, 1006, 3002, 3001, 2001, 3006}
W/InputManagerService(  301): Ignoring setImeWindowStatus of uid 1000 token: null
I/ActivityManager(  301): Start proc com.sonyericsson.textinput.uxp for service com.sonyericsson.textinput.uxp/.glue.InputMethodServiceGlue: pid=470 uid=10011 gids={}
D/NetworkManagementService(  301): Registering observer
I/ActivityManager(  301): Start proc com.android.phone for added application com.android.phone: pid=487 uid=1001 gids={3002, 3001, 3003, 1015}
I/ActivityManager(  301): Start proc com.sonyericsson.customization for added application com.sonyericsson.customization: pid=498 uid=10016 gids={}
I/ActivityManager(  301): START {act=android.intent.action.MAIN cat=[android.intent.category.HOME] flg=0x10000000 cmp=com.sonyericsson.home/.HomeActivity} from pid 0
I/ActivityManager(  301): Start proc com.sonyericsson.home for activity com.sonyericsson.home/.HomeActivity: pid=512 uid=10038 gids={3003, 1015}
I/StatusBarManagerService(  301): registerStatusBar bar=com.android.internal.statusbar.IStatusBar$Stub$Proxy@2bc4b7e8
D/PhoneStatusBar(  378): disable: < expand icons alerts ticker system_info BACK* HOME* RECENT* CLOCK* >
W/ThrottleService(  301): unable to find stats for iface rmnet0
D/StorageNotification(  378): Startup with UMS connection false (media state unmounted)
I/StorageNotification(  378): UMS connection changed to false (media state unmounted)
D/ActivityThread(  498): Loading provider com.sonyericsson.provider.customization: com.sonyericsson.provider.customization.CustomizationProvider
D/SystemUIService(  378): loading: class com.android.systemui.power.PowerUI
D/SystemUIService(  378): running: com.android.systemui.power.PowerUI@2bbdb378
I/ActivityManager(  301): Start proc com.sonyericsson.usbux for broadcast com.sonyericsson.usbux/.service.UsbServiceReceiver: pid=545 uid=1000 gids={1015, 3002, 3001, 3003, 3007}
D/WifiService(  301): New client listening to asynchronous messages
I/StorageNotification(  378): UMS connection changed to false (media state unmounted)
W/ActivityManager(  301): Unable to start service Intent { act=com.android.internal.telephony.IWapPushManager }: not found
I/ActivityManager(  301): Start proc android.process.acore for content provider com.android.providers.contacts/.SemcCallLogProvider: pid=580 uid=10056 gids={3003, 1015}
V/BackupManagerService(  301): Connected to Google transport
V/BackupManagerService(  301): Registering transport com.google.android.backup/.BackupTransportService = com.google.android.backup.BackupTransportService$1@2beabd38
D/PowerManagerService(  301): bootCompleted
V/DevicePolicyManagerService(  301): Sending password expiration notifications for action android.intent.action.BOOT_COMPLETED
D/VoldCmdListener(  128): volume mount /mnt/sdcard
I/Vold    (  128): /dev/block/vold/179:1 being considered for volume sdcard
D/Vold    (  128): Volume sdcard state changing 1 (Idle-Unmounted) -> 3 (Checking)
V/WiredAccessoryObserver(  301): init()
W/WiredAccessoryObserver(  301): This kernel does not have wired headset support
W/WiredAccessoryObserver(  301): This kernel does not have wired headset support
I/ActivityManager(  301): Start proc com.sonyericsson.widgets for broadcast com.sonyericsson.digitalclockwidget/.DigitalClockWidgetProvider: pid=623 uid=10019 gids={1015}
I/ActivityManager(  301): Start proc com.sonyericsson.simcontacts for broadcast com.sonyericsson.simcontacts/.SimChangedReceiver: pid=648 uid=10073 gids={}
D/PhoneStatusBar(  378): disable: < expand icons alerts ticker system_info BACK HOME recent* CLOCK >
D/PhoneStatusBar(  378): disable: < expand icons alerts ticker system_info back* home* recent clock* >
I/ActivityManager(  301): Start proc com.sonyericsson.android.server.dormant for broadcast com.sonyericsson.android.server.dormant/.SimOperatorReadyReceiver: pid=669 uid=1000 gids={1015, 3002, 3001, 3003, 3007}
I/WifiService(  301): WifiService trying to set country code to ru with persist set to true
I/ActivityManager(  301): Config changed: {1.0 250mcc2mnc ru_RU layoutdir=0 sw320dp w320dp h455dp nrml port finger qwerty/v/h -nav/h theme=ComponentInfo{com.sonyericsson.defaultruntimethemes/com.sonyericsson.defaultruntimethemes.BlueThemeService} s.4}
I/ActivityManager(  301): Start proc com.sonyericsson.android.socialphonebook for broadcast com.sonyericsson.android.socialphonebook/.calllog.voicemail.CallLogReceiver: pid=683 uid=10056 gids={3003, 1015}
I/ActivityManager(  301): Start proc com.google.android.gms for broadcast com.google.android.gms/.checkin.CheckinService$Receiver: pid=698 uid=10065 gids={3003, 1015, 1007, 1006, 3002, 3001, 2001, 3006}
I/ActivityManager(  301): Start proc com.sonyericsson.provider.voipcalllog for content provider com.sonyericsson.provider.voipcalllog/.VoIPCallLogProvider: pid=714 uid=10058 gids={}
I/ActivityManager(  301): START {act=android.settings.SETTINGS flg=0x10000000 cmp=com.android.settings/.Settings} from pid 378
I/ActivityManager(  301): Start proc com.android.settings for activity com.android.settings/.Settings: pid=728 uid=1000 gids={1015, 3002, 3001, 3003, 3007}
I/ActivityManager(  301): Start proc com.sonyericsson.customizedsettings for broadcast com.sonyericsson.customizedsettings/.BootUpCompletedReceiver: pid=744 uid=1000 gids={1015, 3002, 3001, 3003, 3007}
I/ActivityManager(  301): Start proc com.sonyericsson.customizedappinstaller for broadcast com.sonyericsson.customizedappinstaller/.BootCompletedReceiver: pid=762 uid=1000 gids={1015, 3002, 3001, 3003, 3007}
I/ActivityManager(  301): Start proc com.sonyericsson.secureclockservice for broadcast com.sonyericsson.secureclockservice/.SecureClockBootCompleteReceiver: pid=778 uid=10025 gids={3003}
I/ActivityManager(  301): Start proc com.annimon.anmusic for broadcast com.annimon.anmusic/.BootUpReceiver: pid=791 uid=10026 gids={3003}
I/ActivityManager(  301): Start proc com.android.exchange for broadcast com.android.exchange/.service.ExchangeBroadcastReceiver: pid=807 uid=10004 gids={3003, 1015}
I/ActivityManager(  301): Start proc com.sonyericsson.credentialmanagerservice for broadcast com.sonyericsson.credentialmanagerservice/.CredentialManagerBootCompleteReceiver: pid=821 uid=1000 gids={1015, 3002, 3001, 3003, 3007}
I/BootReceiver(  301): Copying /proc/last_kmsg to DropBox (SYSTEM_LAST_KMSG)
I/ActivityManager(  301): Start proc com.google.android.onetimeinitializer for broadcast com.google.android.onetimeinitializer/.OneTimeInitializerReceiver: pid=844 uid=10029 gids={}
I/ActivityManager(  301): Start proc com.sonyericsson.r2r.client for broadcast com.sonyericsson.r2r.client/.boot.BootReceiver: pid=857 uid=10097 gids={3003, 1015}
I/ActivityManager(  301): START {act=android.intent.action.MAIN cmp=com.android.settings/.SubSettings (has extras)} from pid 728
I/ActivityManager(  301): Start proc com.google.android.partnersetup for broadcast com.google.android.partnersetup/.GooglePartnerSetup: pid=881 uid=10070 gids={3003}
I/ActivityManager(  301): Start proc com.google.android.talk for broadcast com.google.android.talk/.videochat.BootCompleteReceiver: pid=908 uid=10001 gids={3003, 1015, 1006, 3002}
I/ActivityManager(  301): Start proc com.android.email for service com.android.email/.service.AccountService: pid=919 uid=10051 gids={3003, 1015}
D/ConnectivityService(  301): handleInetConditionChange: no active default network - ignore
I/ActivityManager(  301): START {flg=0x10040000 cmp=com.google.android.gsf/.update.SystemUpdateInstallDialog} from pid 457
I/ActivityManager(  301): START {flg=0x10040000 cmp=com.google.android.gsf/.update.SystemUpdateDownloadDialog} from pid 457
W/ActivityManager(  301): Activity pause timeout for ActivityRecord{2c0c5388 com.google.android.gsf/.update.SystemUpdateInstallDialog}
W/InputManagerService(  301): Window already focused, ignoring focus gain of: com.android.internal.view.IInputMethodClient$Stub$Proxy@2bebec00
I/ActivityManager(  301): Start proc com.android.providers.calendar for broadcast com.android.providers.calendar/.CalendarReceiver: pid=974 uid=10081 gids={3003, 1015}
I/ActivityManager(  301): No longer want com.sonyericsson.usbux (pid 545): hidden #16
I/ActivityManager(  301): Start proc com.android.deskclock for broadcast com.android.deskclock/.AlarmInitReceiver: pid=991 uid=10040 gids={}
I/ActivityManager(  301): No longer want com.google.android.gsf.login (pid 421): hidden #16
I/ActivityManager(  301): Start proc com.sonyericsson.crashmonitor for broadcast com.sonyericsson.crashmonitor/.Trigger: pid=1007 uid=10119 gids={1007, 1015}
I/ActivityManager(  301): No longer want com.sonyericsson.widgets (pid 623): hidden #16
I/ActivityManager(  301): Start proc com.noshufou.android.su for broadcast com.noshufou.android.su/.UpdatePermissionsReceiver: pid=1021 uid=10000 gids={3003, 1015}
I/ActivityManager(  301): Start proc com.sonyericsson.android.bootinfo:remote for service com.sonyericsson.android.bootinfo/.MiscTaService: pid=1039 uid=1000 gids={1015, 3002, 3001, 3003, 3007}
I/ActivityManager(  301): Start proc com.google.android.youtube for broadcast com.google.android.youtube/com.google.android.libraries.youtube.upload.service.UploadService$BootReceiver: pid=1054 uid=10082 gids={3003, 1015, 1006}
I/ActivityManager(  301): START {act=android.intent.action.MAIN cmp=com.android.phone/.Settings} from pid 728
I/ActivityManager(  301): No longer want com.sonyericsson.android.server.dormant (pid 669): hidden #16
W/InputManagerService(  301): Starting input on non-focused client com.android.internal.view.IInputMethodClient$Stub$Proxy@2bec81b8 (uid=1000 pid=728)
I/ActivityManager(  301): No longer want com.sonyericsson.customizedsettings (pid 744): hidden #16
I/ActivityManager(  301): No longer want com.sonyericsson.customizedappinstaller (pid 762): hidden #16
W/InputManagerService(  301): Window already focused, ignoring focus gain of: com.android.internal.view.IInputMethodClient$Stub$Proxy@2c11f868
I/ActivityManager(  301): Start proc com.android.vending for broadcast com.android.vending/com.google.android.finsky.receivers.BootCompletedReceiver: pid=1139 uid=10092 gids={3003, 1015}
W/InputManagerService(  301): Starting input on non-focused client com.android.internal.view.IInputMethodClient$Stub$Proxy@2bf8f9b0 (uid=1001 pid=487)
I/ActivityManager(  301): Start proc com.devuni.flashlight for broadcast com.devuni.flashlight/.receivers.BootReceiver: pid=1182 uid=10012 gids={1006, 3003}
I/ActivityManager(  301): No longer want com.sonyericsson.android.socialphonebook (pid 683): hidden #16
I/ActivityManager(  301): No longer want com.sonyericsson.secureclockservice (pid 778): hidden #17
I/ActivityManager(  301): No longer want com.sonyericsson.provider.voipcalllog (pid 714): hidden #16
W/InputManagerService(  301): Starting input on non-focused client com.android.internal.view.IInputMethodClient$Stub$Proxy@2bec81b8 (uid=1000 pid=728)
I/Vold    (  128): Filesystem check completed OK
I/Vold    (  128): Device /dev/block/vold/179:1, target /mnt/sdcard mounted @ /mnt/secure/staging
D/Vold    (  128): Volume sdcard state changing 3 (Checking) -> 4 (Mounted)
D/MountService(  301): volume state changed for /mnt/sdcard (unmounted -> checking)
I/StorageNotification(  378): Media {/mnt/sdcard} state changed from {unmounted} -> {checking}
D/MountService(  301): sendStorageIntent Intent { act=android.intent.action.MEDIA_CHECKING dat=file:///mnt/sdcard (has extras) }
D/MountService(  301): volume state changed for /mnt/sdcard (checking -> mounted)
D/VoldCmdListener(  128): asec list
D/MountService(  301): sendStorageIntent Intent { act=android.intent.action.MEDIA_MOUNTED dat=file:///mnt/sdcard (has extras) }
D/VoldCmdListener(  128): asec path com.sonyericsson.trackid-1
I/StorageNotification(  378): Media {/mnt/sdcard} state changed from {checking} -> {mounted}
D/VoldCmdListener(  128): asec mount com.sonyericsson.trackid-1 {} 1000
D/VoldCmdListener(  128): asec path com.sonyericsson.trackid-1
W/PackageManager(  301): Unknown permission android.permission.ADD_SYSTEM_SERVICE in package com.android.phone
W/PackageManager(  301): Unknown permission com.android.vending.billing.IBillingAccountService.BIND2 in package com.google.android.gsf.login
W/PackageManager(  301): Unknown permission com.sonyericsson.permission.CONTACTS_PICK_CONVERSATIONS_TARGET in package com.sonyericsson.conversations
W/PackageManager(  301): Unknown permission com.sonyericsson.permission.ACCESS_PROTECTED_CONTACTS in package com.sonyericsson.conversations
W/PackageManager(  301): Unknown permission com.sonyericsson.permission.CUSTOMIZATION in package com.sonyericsson.textinput.uxp
W/PackageManager(  301): Not granting permission android.permission.BROADCAST_PACKAGE_REMOVED to package com.google.android.marvin.talkback (protectionLevel=2 flags=0x9bec5)
W/PackageManager(  301): Unknown permission android.permission.INTERACT_ACROSS_USERS in package com.google.android.gms
W/PackageManager(  301): Unknown permission android.permission.RECOVERY in package com.google.android.gms
W/PackageManager(  301): Unknown permission android.permission.READ_DREAM_STATE in package com.google.android.gms
W/PackageManager(  301): Unknown permission android.permission.RECEIVE_DATA_ACTIVITY_CHANGE in package com.google.android.gms
W/PackageManager(  301): Unknown permission android.permission.READ_EXTERNAL_STORAGE in package com.google.android.gms
W/PackageManager(  301): Unknown permission android.permission.PROVIDE_TRUST_AGENT in package com.google.android.gms
W/PackageManager(  301): Unknown permission com.google.android.apps.enterprise.dmagent.permission.AutoSyncPermission in package com.google.android.gms
W/PackageManager(  301): Unknown permission android.permission.LOCATION_HARDWARE in package com.google.android.gms
W/PackageManager(  301): Unknown permission android.permission.GET_APP_OPS_STATS in package com.google.android.gms
W/PackageManager(  301): Unknown permission android.permission.UPDATE_APP_OPS_STATS in package com.google.android.gms
W/PackageManager(  301): Unknown permission android.permission.CAPTURE_AUDIO_HOTWORD in package com.google.android.gms
W/PackageManager(  301): Unknown permission com.google.android.googlequicksearchbox.permission.PAUSE_HOTWORD in package com.google.android.gms
W/PackageManager(  301): Unknown permission android.permission.MANAGE_VOICE_KEYPHRASES in package com.google.android.gms
W/PackageManager(  301): Unknown permission android.permission.REAL_GET_TASKS in package com.google.android.gms
W/PackageManager(  301): Unknown permission android.permission.READ_CALL_LOG in package com.google.android.gms
W/PackageManager(  301): Unknown permission com.google.android.hangouts.START_HANGOUT in package com.google.android.gms
W/PackageManager(  301): Unknown permission android.permission.ACCESS_NETWORK_CONDITIONS in package com.google.android.gms
W/PackageManager(  301): Unknown permission android.permission.MANAGE_DEVICE_ADMINS in package com.google.android.gms
W/PackageManager(  301): Unknown permission android.permission.READ_WIFI_CREDENTIAL in package com.google.android.gms
W/PackageManager(  301): Not granting permission android.permission.MODIFY_PHONE_STATE to package com.google.android.gms (protectionLevel=3 flags=0x83e44)
W/PackageManager(  301): Unknown permission android.permission.CONTROL_INCALL_EXPERIENCE in package com.google.android.gms
W/PackageManager(  301): Not granting permission android.permission.MANAGE_USB to package com.google.android.gms (protectionLevel=3 flags=0x83e44)
W/PackageManager(  301): Not granting permission android.permission.CALL_PRIVILEGED to package com.google.android.gms (protectionLevel=3 flags=0x83e44)
W/PackageManager(  301): Unknown permission android.permission.BLUETOOTH_PRIVILEGED in package com.google.android.gms
W/PackageManager(  301): Unknown permission android.permission.USER_ACTIVITY in package com.google.android.gms
W/PackageManager(  301): Unknown permission android.permission.CAPTURE_AUDIO_OUTPUT in package com.google.android.gms
W/PackageManager(  301): Unknown permission android.permission.CAPTURE_VIDEO_OUTPUT in package com.google.android.gms
W/PackageManager(  301): Unknown permission android.permission.CAPTURE_SECURE_VIDEO_OUTPUT in package com.google.android.gms
W/PackageManager(  301): Not granting permission android.permission.READ_FRAME_BUFFER to package com.google.android.gms (protectionLevel=3 flags=0x83e44)
W/PackageManager(  301): Unknown permission com.google.android.wearable.READ_SETTINGS in package com.google.android.gms
W/PackageManager(  301): Unknown permission android.permission.SCORE_NETWORKS in package com.google.android.gms
W/PackageManager(  301): Unknown permission android.permission.BODY_SENSORS in package com.google.android.gms
W/PackageManager(  301): Not granting permission android.permission.FORCE_STOP_PACKAGES to package com.google.android.gms (protectionLevel=2 flags=0x83e44)
W/PackageManager(  301): Unknown permission android.permission.READ_OWNER_DATA in package com.google.android.setupwizard
W/PackageManager(  301): Unknown permission android.permission.WRITE_OWNER_DATA in package com.google.android.setupwizard
W/PackageManager(  301): Unknown permission com.android.launcher.permission.READ_SETTINGS in package com.android.settings
W/PackageManager(  301): Unknown permission com.android.launcher.permission.WRITE_SETTINGS in package com.android.settings
W/PackageManager(  301): Unknown permission com.sonyericsson.android.permission.FACERECOGNITION_SERVICE in package com.sonyericsson.android.camera
W/PackageManager(  301): Unknown permission com.android.browser.permission.PRELOAD in package com.google.android.googlequicksearchbox
W/PackageManager(  301): Unknown permission android.webkit.permission.PLUGIN in package com.adobe.flashplayer
W/PackageManager(  301): Unknown permission com.google.android.gm.permission.READ_GMAIL in package com.sonyericsson.music
W/PackageManager(  301): Unknown permission com.sonyericsson.permission.MUSIC_LIKE in package com.sonyericsson.music
W/PackageManager(  301): Unknown permission android.permission.ACCESS_LOCATION in package com.sonyericsson.android.servicemenu
W/PackageManager(  301): Unknown permission android.permission.ACCESS_GPS in package com.sonyericsson.android.servicemenu
W/PackageManager(  301): Unknown permission android.permission.ACCESS_WAKE_LOCK in package com.sonyericsson.android.servicemenu
W/PackageManager(  301): Unknown permission com.sonyericsson.servicemenu.permission.ACCESS_SERVICE_MENU in package com.sonyericsson.android.servicemenu
W/PackageManager(  301): Unknown permission com.sonyericsson.permission.FACEBOOK in package com.sonyericsson.home
W/PackageManager(  301): Unknown permission com.stericsson.permission.FM_RADIO_RECEIVER in package com.sonyericsson.trackid
W/PackageManager(  301): Unknown permission com.sonymobile.smartwear.swr30.PERMISSION_CONTROL_EXTENSION in package com.sonyericsson.trackid
W/PackageManager(  301): Unknown permission com.sonyericsson.extras.liveware.aef.EXTENSION_PERMISSION in package com.sonyericsson.extras.liveware.extension.mail
W/PackageManager(  301): Unknown permission com.sonyericsson.permission.CUSTOMIZATION in package com.sonyericsson.smartslidersettings
W/PackageManager(  301): Unknown permission android.permission.READ_EXTERNAL_STORAGE in package ru.zdevs.zarchiver
W/PackageManager(  301): Not granting permission android.permission.WRITE_MEDIA_STORAGE to package ru.zdevs.zarchiver (protectionLevel=3 flags=0x18be44)
W/PackageManager(  301): Unknown permission com.android.launcher.permission.READ_SETTINGS in package com.google.android.onetimeinitializer
W/PackageManager(  301): Unknown permission com.android.launcher.permission.WRITE_SETTINGS in package com.google.android.onetimeinitializer
W/PackageManager(  301): Unknown permission android.permission.READ_EXTERNAL_STORAGE in package com.anttek.explorerex
W/PackageManager(  301): Unknown permission android.permission.ACCESS_SUPERUSER in package com.anttek.explorerex
W/PackageManager(  301): Unknown permission android.permission.ACCESS_SUPERUSER in package os.tools.scriptmanager
W/PackageManager(  301): Unknown permission com.google.android.apps.googlevoice.permission.AUTO_SEND in package com.google.android.voicesearch
W/PackageManager(  301): Unknown permission com.google.android.gm.permission.AUTO_SEND in package com.google.android.voicesearch
W/PackageManager(  301): Not granting permission android.permission.DEVICE_POWER to package com.sonyericsson.android.socialphonebook (protectionLevel=2 flags=0x8be45)
W/PackageManager(  301): Not granting permission android.permission.ACCESS_DRM to package com.sonyericsson.android.socialphonebook (protectionLevel=2 flags=0x8be45)
W/PackageManager(  301): Unknown permission com.android.email.permission.ACCESS_GAL_PROVIDER in package com.sonyericsson.android.socialphonebook
W/PackageManager(  301): Not granting permission com.sonyericsson.permission.CONVERSATIONS_SETTINGS_PROVIDER to package com.sonyericsson.android.socialphonebook (protectionLevel=2 flags=0x8be45)
W/PackageManager(  301): Unknown permission com.google.android.gm.permission.READ_GMAIL in package com.google.android.talk
W/PackageManager(  301): Unknown permission com.sonyericsson.permission.MUSIC_LIKE in package com.sonyericsson.advancedwidget.music
W/PackageManager(  301): Unknown permission android.permission.ACCESS_SUPERUSER in package stericson.busybox.donate
W/PackageManager(  301): Unknown permission com.google.android.gm.permission.READ_GMAIL in package com.google.android.apps.uploader
W/PackageManager(  301): Unknown permission com.sonyericsson.timescape.permission.TIMESCAPE_SETTINGS in package com.sonyericsson.settings
W/PackageManager(  301): Unknown permission com.sonyericsson.android.permission.SEMC_PLUGIN_ACCESS in package com.sonyericsson.solsplayer
W/PackageManager(  301): Unknown permission android.permission.REAL_GET_TASKS in package com.android.vending
W/PackageManager(  301): Unknown permission android.permission.READ_EXTERNAL_STORAGE in package com.android.vending
W/PackageManager(  301): Not granting permission android.permission.SEND_DOWNLOAD_COMPLETED_INTENTS to package com.android.vending (protectionLevel=2 flags=0xabec5)
W/PackageManager(  301): Not granting permission android.permission.SEND_SMS_NO_CONFIRMATION to package com.android.vending (protectionLevel=3 flags=0xabec5)
W/PackageManager(  301): Not granting permission android.permission.PACKAGE_VERIFICATION_AGENT to package com.android.vending (protectionLevel=3 flags=0xabec5)
W/PackageManager(  301): Unknown permission android.permission.MANAGE_USERS in package com.android.vending
W/PackageManager(  301): Unknown permission android.permission.INTERACT_ACROSS_USERS in package com.android.vending
W/PackageManager(  301): Not granting permission android.permission.WRITE_SECURE_SETTINGS to package com.android.vending (protectionLevel=3 flags=0xabec5)
W/PackageManager(  301): Not granting permission android.permission.FORCE_STOP_PACKAGES to package com.android.vending (protectionLevel=2 flags=0xabec5)
W/PackageManager(  301): Unknown permission com.sonyericsson.permission.PICKER in package com.sonyericsson.sync.ui
W/PackageManager(  301): Unknown permission com.sonyericsson.permission.IDD in package com.sonyericsson.crashmonitor
W/PackageManager(  301): Unknown permission com.sonyericsson.permission.IDD_PRIVATE in package com.sonyericsson.crashmonitor
W/PackageManager(  301): Unknown permission android.Manifest.permission.READ_LOGS in package com.sonyericsson.crashmonitor
W/PackageManager(  301): Unknown permission android.permission.MANAGE_DOCUMENTS in package com.google.android.youtube
W/PackageManager(  301): Not granting permission android.permission.DEVICE_POWER to package com.android.deskclock (protectionLevel=2 flags=0x8be45)
W/PackageManager(  301): Unknown permission com.opera.GET_BRANDING in package com.opera.browser.classic
W/PackageManager(  301): Not granting permission android.permission.DEVICE_POWER to package com.android.facelock (protectionLevel=2 flags=0x8be45)
W/PackageManager(  301): Unknown permission andriod.permission.MANAGE_USB in package com.sonyericsson.usbux
D/BackupManagerService(  301): Received broadcast Intent { act=android.intent.action.EXTERNAL_APPLICATIONS_AVAILABLE flg=0x10000010 (has extras) }
V/BackupManagerService(  301): addPackageParticipantsLocked: #1
I/ActivityManager(  301): Start proc com.google.process.location for service com.google.android.gms/.fitness.service.BrokeredFitnessService: pid=1229 uid=10065 gids={3003, 1015, 1007, 1006, 3002, 3001, 2001, 3006}
I/ActivityManager(  301): Start proc com.elvison.batterywidget for broadcast com.elvison.batterywidget/.BootCompletedReceiver: pid=1259 uid=10141 gids={3003, 3002, 3001}
W/InputManagerService(  301): Window already focused, ignoring focus gain of: com.android.internal.view.IInputMethodClient$Stub$Proxy@2be4c390
I/ActivityManager(  301): Start proc com.sonyericsson.widgets for broadcast com.sonyericsson.digitalclockwidget/.DigitalClockWidgetProvider: pid=1286 uid=10019 gids={1015}
I/ActivityManager(  301): Start proc com.sonyericsson.android.server.dormant for broadcast com.sonyericsson.android.server.dormant/.SimOperatorReadyReceiver: pid=1302 uid=1000 gids={1015, 3002, 3001, 3003, 3007}
I/ActivityManager(  301): START {act=android.intent.action.MAIN cat=[android.intent.category.LAUNCHER] flg=0x10200000 cmp=os.tools.scriptmanager/.launcherActivity bnds=[240,250][320,350]} from pid 512
I/ActivityManager(  301): Start proc os.tools.scriptmanager for activity os.tools.scriptmanager/.launcherActivity: pid=1317 uid=10031 gids={1015, 3003}
I/ActivityManager(  301): No longer want com.sonyericsson.credentialmanagerservice (pid 821): hidden #16
I/ActivityManager(  301): Start proc com.android.calendar for broadcast com.android.calendar/.widget.CalendarAppWidgetService$CalendarFactory: pid=1343 uid=10055 gids={3003, 1015}
D/CountryDetector(  301): The first listener is added
I/ActivityManager(  301): Start proc com.google.android.gms.wearable for service com.google.android.gms/.wearable.service.WearableService: pid=1367 uid=10065 gids={3003, 1015, 1007, 1006, 3002, 3001, 2001, 3006}
I/ActivityManager(  301): Start proc com.sonyericsson.capabilities for broadcast com.sonyericsson.capabilities/.DefCapUpdaterReceiver: pid=1381 uid=10120 gids={1023, 1015}
I/ActivityManager(  301): Start proc com.sonyericsson.usbux for broadcast com.sonyericsson.usbux/.service.UsbServiceReceiver: pid=1405 uid=1000 gids={1015, 3002, 3001, 3003, 3007}
I/ActivityManager(  301): Start proc com.google.android.apps.uploader for broadcast com.google.android.apps.uploader/.ConnectivityBroadcastReceiver: pid=1428 uid=10043 gids={3003}
I/ActivityManager(  301): Start proc com.google.android.googlequicksearchbox for broadcast com.google.android.googlequicksearchbox/.SourceUpdateReceiver: pid=1455 uid=10078 gids={3003}
I/ActivityManager(  301): No longer want com.google.android.onetimeinitializer (pid 844): hidden #16
W/ActivityManager(  301): Launch timeout has expired, giving up wake lock!
W/ActivityManager(  301): Activity idle timeout for ActivityRecord{2bdca5a8 os.tools.scriptmanager/.launcherActivity}
D/ConnectivityService(  301): ConnectivityChange for mobile: CONNECTED/CONNECTED
I/ActivityManager(  301): No longer want com.android.exchange (pid 807): hidden #16
I/ActivityManager(  301): No longer want com.sonyericsson.r2r.client (pid 857): hidden #16
D/NetworkPolicy(  301): applying policy NetworkPolicy[NetworkTemplate: matchRule=MOBILE_ALL, subscriberId=valid]: cycleDay=6, warningBytes=2147483648, limitBytes=-1, lastSnooze=-1 to ifaces [rmnet0]
I/ActivityManager(  301): Start proc com.google.android.gsf.login for service com.google.android.gsf.login/com.google.android.gsf.loginservice.GoogleLoginService: pid=1710 uid=10065 gids={3003, 1015, 1007, 1006, 3002, 3001, 2001, 3006}
I/ActivityManager(  301): No longer want com.google.android.partnersetup (pid 881): hidden #16
I/ActivityManager(  301): No longer want com.android.deskclock (pid 991): hidden #16
I/ActivityManager(  301): No longer want com.android.settings (pid 728): hidden #16
D/ConnectivityService(  301): handleInetConditionHoldEnd: net=0, condition=100, published condition=0
I/ActivityManager(  301): No longer want com.android.email (pid 919): hidden #16
I/ActivityManager(  301): No longer want com.devuni.flashlight (pid 1182): hidden #16
--------- beginning of /dev/log/main
I/Ads     ( 1317): No fill from ad server.
W/Ads     ( 1317): Failed to load ad: 3
I/Ads     ( 1317): Trying mediation network: 5450213213286189855
I/Ads     ( 1317): Instantiating mediation adapter: com.google.ads.mediation.admob.AdMobAdapter
W/Ads     ( 1317): Server parameters: {"gwhirl_share_location":"1","pubid":"ca-app-pub-5718473126391789\/3265530551\/qdata=AJ5UM1lINtAssq_E_EHDovOZdCNhtkDOssugvOb9v9b5iMCgroowfkbjQlNg5B8GLvCrX9fc8GnpDcrVWr2OLJzSt27ouBCaPiKMd8eMg_0cdnO6NaEGJ4j-_0ST&allocation_ids=7619160122990268&cad=4ee0161aa7bc735d","dynamic_backfill":"true"}
I/Ads     ( 1317): Starting ad request.
I/Ads     ( 1317): Use AdRequest.Builder.addTestDevice("B3887F26CF4E4D673EE6933CBE61F439") to get test ads on this device.
I/Ads     ( 1317): Please set theme of AdActivity to @android:style/Theme.Translucent to enable transparent background interstitial ad.
